Last updated on 2025-10-23 08:50:02 CEST.
Flavor | Version | Tinstall | Tcheck | Ttotal | Status | Flags |
---|---|---|---|---|---|---|
r-devel-linux-x86_64-debian-clang | 2.6.3 | 9.10 | 87.08 | 96.18 | NOTE | |
r-devel-linux-x86_64-debian-gcc | 2.6.3 | 6.01 | 62.00 | 68.01 | OK | |
r-devel-linux-x86_64-fedora-clang | 2.6.3 | 21.00 | 123.38 | 144.38 | OK | |
r-devel-linux-x86_64-fedora-gcc | 2.6.3 | 18.00 | 132.37 | 150.37 | OK | |
r-devel-windows-x86_64 | 2.6.3 | 22.00 | 97.00 | 119.00 | OK | |
r-patched-linux-x86_64 | 2.6.3 | 9.07 | 78.51 | 87.58 | OK | |
r-release-linux-x86_64 | 2.6.3 | 7.88 | 78.65 | 86.53 | OK | |
r-release-macos-arm64 | 2.6.3 | 4.00 | 48.00 | 52.00 | OK | |
r-release-macos-x86_64 | 2.6.3 | 9.00 | 119.00 | 128.00 | OK | |
r-release-windows-x86_64 | 2.6.3 | 11.00 | 99.00 | 110.00 | OK | |
r-oldrel-macos-arm64 | 2.6.3 | 4.00 | 54.00 | 58.00 | OK | |
r-oldrel-macos-x86_64 | 2.6.3 | 11.00 | 108.00 | 119.00 | OK | |
r-oldrel-windows-x86_64 | 2.6.3 | 15.00 | 114.00 | 129.00 | OK |
Version: 2.6.3
Check: HTML version of manual
Result: NOTE
Found the following HTML validation problems:
AthenaDriver.html:66:1 (AthenaDriver.Rd:25): Warning: missing </ul> before </div>
sql_translate_env.html:51:1 (sql_translate_env.Rd:15): Warning: missing </ul> before </div>
Flavor: r-devel-linux-x86_64-debian-clang