Last updated on 2025-11-14 03:50:01 CET.
| Flavor | Version | Tinstall | Tcheck | Ttotal | Status | Flags |
|---|---|---|---|---|---|---|
| r-devel-linux-x86_64-debian-clang | 1.1.3 | 10.14 | 128.92 | 139.06 | OK | |
| r-devel-linux-x86_64-debian-gcc | 1.1.3 | 7.41 | 92.12 | 99.53 | OK | |
| r-devel-linux-x86_64-fedora-clang | 1.1.3 | 41.00 | 178.57 | 219.57 | OK | |
| r-devel-linux-x86_64-fedora-gcc | 1.1.3 | 18.00 | 188.39 | 206.39 | OK | |
| r-devel-windows-x86_64 | 1.1.3 | 15.00 | 147.00 | 162.00 | OK | |
| r-patched-linux-x86_64 | 1.1.3 | 9.48 | 119.73 | 129.21 | OK | |
| r-release-linux-x86_64 | 1.1.2 | 8.46 | 119.25 | 127.71 | NOTE | |
| r-release-macos-arm64 | 1.1.3 | 5.00 | 51.00 | 56.00 | OK | |
| r-release-macos-x86_64 | 1.1.3 | 12.00 | 128.00 | 140.00 | OK | |
| r-release-windows-x86_64 | 1.1.3 | 14.00 | 134.00 | 148.00 | OK | |
| r-oldrel-macos-arm64 | 1.1.3 | 6.00 | 55.00 | 61.00 | OK | |
| r-oldrel-macos-x86_64 | 1.1.3 | 12.00 | 121.00 | 133.00 | OK | |
| r-oldrel-windows-x86_64 | 1.1.3 | 16.00 | 160.00 | 176.00 | OK |
Version: 1.1.2
Check: Rd cross-references
Result: NOTE
Found the following Rd file(s) with Rd \link{} targets missing package
anchors:
autoplot.ts.Rd: geom_forecast, fortify
Please provide package anchors for all Rd \link{} targets not in the
package itself and the base packages.
Flavor: r-release-linux-x86_64