Last updated on 2024-06-29 06:49:48 CEST.
Flavor | Version | Tinstall | Tcheck | Ttotal | Status | Flags |
---|---|---|---|---|---|---|
r-devel-linux-x86_64-debian-clang | 2.0.1 | 10.41 | 112.98 | 123.39 | OK | |
r-devel-linux-x86_64-debian-gcc | 2.0.1 | 7.65 | 82.80 | 90.45 | OK | |
r-devel-linux-x86_64-fedora-clang | 2.0.1 | 153.69 | NOTE | |||
r-devel-linux-x86_64-fedora-gcc | 2.0.1 | 160.11 | OK | |||
r-devel-windows-x86_64 | 2.0.1 | 10.00 | 97.00 | 107.00 | OK | |
r-patched-linux-x86_64 | 2.0.1 | 12.02 | 107.68 | 119.70 | OK | |
r-release-linux-x86_64 | 2.0.1 | 10.52 | 106.22 | 116.74 | OK | |
r-release-macos-arm64 | 2.0.1 | 48.00 | OK | |||
r-release-macos-x86_64 | 2.0.1 | 81.00 | OK | |||
r-release-windows-x86_64 | 2.0.1 | 10.00 | 98.00 | 108.00 | OK | |
r-oldrel-macos-arm64 | 2.0.1 | 55.00 | OK | |||
r-oldrel-macos-x86_64 | 2.0.1 | 85.00 | OK | |||
r-oldrel-windows-x86_64 | 2.0.1 | 12.00 | 114.00 | 126.00 | OK |
Version: 2.0.1
Check: Rd cross-references
Result: NOTE
Undeclared package ‘gam’ in Rd xrefs
Flavor: r-devel-linux-x86_64-fedora-clang