Last updated on 2024-06-26 03:49:31 CEST.
Flavor | Version | Tinstall | Tcheck | Ttotal | Status | Flags |
---|---|---|---|---|---|---|
r-devel-linux-x86_64-debian-clang | 1.0.0 | OK | ||||
r-devel-linux-x86_64-debian-gcc | 1.0.0 | 6.86 | 51.88 | 58.74 | OK | |
r-devel-linux-x86_64-fedora-clang | 1.0.0 | 96.81 | NOTE | |||
r-devel-linux-x86_64-fedora-gcc | 1.0.0 | 91.05 | NOTE | |||
r-devel-windows-x86_64 | 1.0.0 | 8.00 | 73.00 | 81.00 | OK | |
r-patched-linux-x86_64 | 1.0.0 | 9.37 | 65.80 | 75.17 | OK | |
r-release-linux-x86_64 | 1.0.0 | 5.70 | 66.38 | 72.08 | OK | |
r-release-macos-arm64 | 1.0.0 | 28.00 | OK | |||
r-release-macos-x86_64 | 1.0.0 | 46.00 | OK | |||
r-release-windows-x86_64 | 1.0.0 | 9.00 | 72.00 | 81.00 | OK | |
r-oldrel-macos-arm64 | 1.0.0 | 25.00 | OK | |||
r-oldrel-macos-x86_64 | 1.0.0 | 38.00 | OK | |||
r-oldrel-windows-x86_64 | 1.0.0 | 11.00 | 83.00 | 94.00 | OK |
Version: 1.0.0
Check: data for non-ASCII characters
Result: NOTE
Note: found 34 marked UTF-8 strings
Flavors: r-devel-linux-x86_64-fedora-clang, r-devel-linux-x86_64-fedora-gcc