CRAN Package Check Results for Package openFDA

Last updated on 2025-07-21 08:50:11 CEST.

Flavor Version Tinstall Tcheck Ttotal Status Flags
r-devel-linux-x86_64-debian-clang 0.1.0 1.96 30.35 32.31 NOTE
r-devel-linux-x86_64-debian-gcc 0.1.0 1.46 24.24 25.70 NOTE
r-devel-linux-x86_64-fedora-clang 0.1.0 48.96 NOTE
r-devel-linux-x86_64-fedora-gcc 0.1.0 61.20 NOTE
r-devel-windows-x86_64 0.1.0 3.00 54.00 57.00 NOTE
r-patched-linux-x86_64 0.1.0 2.05 27.86 29.91 NOTE
r-release-linux-x86_64 0.1.0 1.96 27.70 29.66 NOTE
r-release-macos-arm64 0.1.0 43.00 NOTE
r-release-macos-x86_64 0.1.0 61.00 NOTE
r-release-windows-x86_64 0.1.0 3.00 57.00 60.00 NOTE
r-oldrel-macos-arm64 0.1.0 36.00 OK
r-oldrel-macos-x86_64 0.1.0 59.00 OK
r-oldrel-windows-x86_64 0.1.0 4.00 61.00 65.00 OK

Check Details

Version: 0.1.0
Check: DESCRIPTION meta-information
Result: NOTE Missing dependency on R >= 4.1.0 because package code uses the pipe |> or function shorthand \(...) syntax added in R 4.1.0. File(s) using such syntax: ‘format_search_term.R’ ‘openFDA.R’ Flavors: r-devel-linux-x86_64-debian-clang, r-devel-linux-x86_64-debian-gcc, r-devel-linux-x86_64-fedora-clang, r-devel-linux-x86_64-fedora-gcc, r-devel-windows-x86_64, r-patched-linux-x86_64, r-release-linux-x86_64, r-release-macos-arm64, r-release-macos-x86_64, r-release-windows-x86_64