Last updated on 2025-11-16 03:50:04 CET.
| Flavor | Version | Tinstall | Tcheck | Ttotal | Status | Flags |
|---|---|---|---|---|---|---|
| r-devel-linux-x86_64-debian-clang | 0.1.2 | 49.04 | 365.37 | 414.41 | OK | |
| r-devel-linux-x86_64-debian-gcc | 0.1.2 | 37.49 | 270.38 | 307.87 | OK | |
| r-devel-linux-x86_64-fedora-clang | 0.1.2 | 239.00 | 452.13 | 691.13 | OK | |
| r-devel-linux-x86_64-fedora-gcc | 0.1.2 | 513.00 | 190.13 | 703.13 | OK | |
| r-devel-windows-x86_64 | 0.1.2 | 43.00 | 489.00 | 532.00 | OK | |
| r-patched-linux-x86_64 | 0.1.2 | 48.44 | 356.09 | 404.53 | OK | |
| r-release-linux-x86_64 | 0.1.2 | 0.36 | 2.02 | 2.38 | ERROR | |
| r-release-macos-arm64 | 0.1.2 | 19.00 | 171.00 | 190.00 | OK | |
| r-release-macos-x86_64 | 0.1.2 | 45.00 | 291.00 | 336.00 | OK | |
| r-release-windows-x86_64 | 0.1.2 | 42.00 | 479.00 | 521.00 | OK | |
| r-oldrel-macos-arm64 | 0.1.2 | 18.00 | 220.00 | 238.00 | OK | |
| r-oldrel-macos-x86_64 | 0.1.2 | 44.00 | 439.00 | 483.00 | OK | |
| r-oldrel-windows-x86_64 | 0.1.2 | 60.00 | 621.00 | 681.00 | OK |
Version: 0.1.2
Check: package dependencies
Result: ERROR
Package required but not available: ‘DESeq2’
See section ‘The DESCRIPTION file’ in the ‘Writing R Extensions’
manual.
Flavor: r-release-linux-x86_64