CRAN Package Check Results for Package oxcAAR

Last updated on 2025-10-21 04:50:25 CEST.

Flavor Version Tinstall Tcheck Ttotal Status Flags
r-devel-linux-x86_64-debian-clang 1.1.1 4.43 70.91 75.34 OK
r-devel-linux-x86_64-debian-gcc 1.1.1 2.88 47.98 50.86 NOTE
r-devel-linux-x86_64-fedora-clang 1.1.1 99.96 OK
r-devel-linux-x86_64-fedora-gcc 1.1.1 142.03 OK
r-devel-windows-x86_64 1.1.1 6.00 86.00 92.00 OK
r-patched-linux-x86_64 1.1.1 4.31 68.21 72.52 OK
r-release-linux-x86_64 1.1.1 4.23 59.27 63.50 OK
r-release-macos-arm64 1.1.1 71.00 OK
r-release-macos-x86_64 1.1.1 105.00 OK
r-release-windows-x86_64 1.1.1 6.00 86.00 92.00 OK
r-oldrel-macos-arm64 1.1.1 55.00 OK
r-oldrel-macos-x86_64 1.1.1 75.00 OK
r-oldrel-windows-x86_64 1.1.1 8.00 110.00 118.00 OK

Check Details

Version: 1.1.1
Check: HTML version of manual
Result: NOTE Found the following HTML validation problems: calcurve_plot.html:63:1 (calcurve_plot.Rd:21): Warning: missing </ul> before </div> Flavor: r-devel-linux-x86_64-debian-gcc