Last updated on 2025-11-02 13:49:47 CET.
| Flavor | Version | Tinstall | Tcheck | Ttotal | Status | Flags |
|---|---|---|---|---|---|---|
| r-devel-linux-x86_64-debian-clang | 0.1.5 | 5.28 | 52.11 | 57.39 | OK | |
| r-devel-linux-x86_64-debian-gcc | 0.1.5 | 3.69 | 39.03 | 42.72 | OK | |
| r-devel-linux-x86_64-fedora-clang | 0.1.5 | 11.00 | 74.89 | 85.89 | OK | |
| r-devel-linux-x86_64-fedora-gcc | 0.1.5 | 12.00 | 71.80 | 83.80 | OK | |
| r-devel-windows-x86_64 | 0.1.5 | 7.00 | 62.00 | 69.00 | OK | |
| r-patched-linux-x86_64 | 0.1.5 | 4.77 | 48.67 | 53.44 | OK | |
| r-release-linux-x86_64 | 0.1.5 | 5.01 | 48.00 | 53.01 | OK | |
| r-release-macos-arm64 | 0.1.5 | 2.00 | 22.00 | 24.00 | OK | |
| r-release-macos-x86_64 | 0.1.5 | 4.00 | 32.00 | 36.00 | OK | |
| r-release-windows-x86_64 | 0.1.5 | 6.00 | 60.00 | 66.00 | OK | |
| r-oldrel-macos-arm64 | 0.1.5 | 2.00 | 22.00 | 24.00 | NOTE | |
| r-oldrel-macos-x86_64 | 0.1.5 | 3.00 | 31.00 | 34.00 | NOTE | |
| r-oldrel-windows-x86_64 | 0.1.5 | 9.00 | 78.00 | 87.00 | NOTE |
Version: 0.1.5
Check: LazyData
Result: NOTE
'LazyData' is specified without a 'data' directory
Flavors: r-oldrel-macos-arm64, r-oldrel-macos-x86_64, r-oldrel-windows-x86_64