Last updated on 2025-11-03 07:48:47 CET.
| Flavor | Version | Tinstall | Tcheck | Ttotal | Status | Flags | 
|---|---|---|---|---|---|---|
| r-devel-linux-x86_64-debian-clang | 1.0.1 | 1.75 | 18.63 | 20.38 | NOTE | |
| r-devel-linux-x86_64-debian-gcc | 1.0.1 | 1.44 | 15.56 | 17.00 | NOTE | |
| r-devel-linux-x86_64-fedora-clang | 1.0.1 | 29.78 | OK | |||
| r-devel-linux-x86_64-fedora-gcc | 1.0.1 | 28.75 | OK | |||
| r-devel-windows-x86_64 | 1.0.1 | 3.00 | 36.00 | 39.00 | OK | |
| r-patched-linux-x86_64 | 1.0.1 | 1.88 | 17.44 | 19.32 | OK | |
| r-release-linux-x86_64 | 1.0.1 | 1.72 | 17.69 | 19.41 | OK | |
| r-release-macos-arm64 | 1.0.1 | 1.00 | 14.00 | 15.00 | OK | |
| r-release-macos-x86_64 | 1.0.1 | 2.00 | 20.00 | 22.00 | OK | |
| r-release-windows-x86_64 | 1.0.1 | 3.00 | 36.00 | 39.00 | OK | |
| r-oldrel-macos-arm64 | 1.0.1 | 1.00 | 13.00 | 14.00 | NOTE | |
| r-oldrel-macos-x86_64 | 1.0.1 | 2.00 | 17.00 | 19.00 | NOTE | |
| r-oldrel-windows-x86_64 | 1.0.1 | 3.00 | 41.00 | 44.00 | NOTE | 
Version: 1.0.1
Check: CRAN incoming feasibility
Result: NOTE
  Maintainer: ‘Eric Kawaguchi <erickawaguchi@ucla.edu>’
  
  No Authors@R field in DESCRIPTION.
  Please add one, modifying
    Authors@R: c(person(given = "Qing",
                        family = "Yang",
                        role = "aut"),
                 person(given = c("Wing", "K."),
                        family = "Fung",
                        role = "aut"),
                 person(given = "Eric",
                        family = "Kawaguchi",
                        role = c("ctb", "cre"),
                        email = "erickawaguchi@ucla.edu"),
                 person(given = "Gang",
                        family = "Li",
                        role = c("aut", "cre")))
  as necessary.
Flavors: r-devel-linux-x86_64-debian-clang, r-devel-linux-x86_64-debian-gcc
Version: 1.0.1
Check: LazyData
Result: NOTE
    'LazyData' is specified without a 'data' directory
Flavors: r-oldrel-macos-arm64, r-oldrel-macos-x86_64, r-oldrel-windows-x86_64