Last updated on 2024-06-29 06:49:50 CEST.
Flavor | Version | Tinstall | Tcheck | Ttotal | Status | Flags |
---|---|---|---|---|---|---|
r-devel-linux-x86_64-debian-clang | 0.1.0 | 2.83 | 28.94 | 31.77 | NOTE | |
r-devel-linux-x86_64-debian-gcc | 0.1.0 | 1.93 | 21.65 | 23.58 | NOTE | |
r-devel-linux-x86_64-fedora-clang | 0.1.0 | 39.75 | NOTE | |||
r-devel-linux-x86_64-fedora-gcc | 0.1.0 | 38.18 | NOTE | |||
r-devel-windows-x86_64 | 0.1.0 | 5.00 | 52.00 | 57.00 | NOTE | |
r-patched-linux-x86_64 | 0.1.0 | 2.85 | 27.39 | 30.24 | NOTE | |
r-release-linux-x86_64 | 0.1.0 | 2.87 | 27.68 | 30.55 | NOTE | |
r-release-macos-arm64 | 0.1.0 | 19.00 | NOTE | |||
r-release-macos-x86_64 | 0.1.0 | 37.00 | NOTE | |||
r-release-windows-x86_64 | 0.1.0 | 7.00 | 52.00 | 59.00 | NOTE | |
r-oldrel-macos-arm64 | 0.1.0 | 18.00 | OK | |||
r-oldrel-macos-x86_64 | 0.1.0 | 26.00 | OK | |||
r-oldrel-windows-x86_64 | 0.1.0 | 5.00 | 51.00 | 56.00 | OK |
Version: 0.1.0
Check: Rd files
Result: NOTE
checkRd: (-1) diagnose_expressions.Rd:39: Lost braces
39 | \item wrapping a function argument in two curly braces (e.g. `{{arg}} > 0) means
| ^
Flavors: r-devel-linux-x86_64-debian-clang, r-devel-linux-x86_64-debian-gcc, r-devel-linux-x86_64-fedora-clang, r-devel-linux-x86_64-fedora-gcc, r-devel-windows-x86_64, r-patched-linux-x86_64, r-release-linux-x86_64, r-release-macos-arm64, r-release-macos-x86_64, r-release-windows-x86_64
Version: 0.1.0
Check: compiled code
Result: NOTE
File ‘precondition/libs/precondition.so’:
Found non-API calls to R: ‘PRENV’, ‘R_PromiseExpr’
Compiled code should not call non-API entry points in R.
See ‘Writing portable packages’ in the ‘Writing R Extensions’ manual.
See section ‘Moving into C API compliance’ in the ‘Writing R
Extensions’ manual for issues with use of non-API entry points.
Flavors: r-devel-linux-x86_64-debian-clang, r-devel-linux-x86_64-debian-gcc, r-devel-linux-x86_64-fedora-clang, r-devel-linux-x86_64-fedora-gcc
Version: 0.1.0
Check: compiled code
Result: NOTE
File 'precondition/libs/x64/precondition.dll':
Found non-API calls to R: 'PRENV', 'R_PromiseExpr'
Compiled code should not call non-API entry points in R.
See 'Writing portable packages' in the 'Writing R Extensions' manual.
See section 'Moving into C API compliance' in the 'Writing R
Extensions' manual for issues with use of non-API entry points.
Flavor: r-devel-windows-x86_64