Last updated on 2025-07-19 08:48:45 CEST.
Flavor | Version | Tinstall | Tcheck | Ttotal | Status | Flags |
---|---|---|---|---|---|---|
r-devel-linux-x86_64-debian-clang | 0.1.2 | 3.07 | 56.47 | 59.54 | NOTE | |
r-devel-linux-x86_64-debian-gcc | 0.1.2 | 2.18 | 41.29 | 43.47 | NOTE | |
r-devel-linux-x86_64-fedora-clang | 0.1.2 | 90.75 | NOTE | |||
r-devel-linux-x86_64-fedora-gcc | 0.1.2 | 100.91 | NOTE | |||
r-devel-windows-x86_64 | 0.1.2 | 5.00 | 73.00 | 78.00 | NOTE | |
r-patched-linux-x86_64 | 0.1.2 | 3.19 | 50.49 | 53.68 | NOTE | |
r-release-linux-x86_64 | 0.1.2 | 2.96 | 51.27 | 54.23 | NOTE | |
r-release-macos-arm64 | 0.1.2 | 41.00 | NOTE | |||
r-release-macos-x86_64 | 0.1.2 | 66.00 | NOTE | |||
r-release-windows-x86_64 | 0.1.2 | 5.00 | 73.00 | 78.00 | NOTE | |
r-oldrel-macos-arm64 | 0.1.2 | 41.00 | NOTE | |||
r-oldrel-macos-x86_64 | 0.1.2 | 55.00 | NOTE | |||
r-oldrel-windows-x86_64 | 0.1.2 | 7.00 | 86.00 | 93.00 | NOTE |
Version: 0.1.2
Check: Rd files
Result: NOTE
checkRd: (-1) format_number.Rd:36: Lost braces in \itemize; meant \describe ?
checkRd: (-1) format_number.Rd:37: Lost braces in \itemize; meant \describe ?
checkRd: (-1) format_number.Rd:38: Lost braces in \itemize; meant \describe ?
Flavors: r-devel-linux-x86_64-debian-clang, r-devel-linux-x86_64-debian-gcc, r-devel-linux-x86_64-fedora-clang, r-devel-linux-x86_64-fedora-gcc, r-devel-windows-x86_64, r-patched-linux-x86_64, r-release-linux-x86_64, r-release-macos-arm64, r-release-macos-x86_64, r-release-windows-x86_64, r-oldrel-macos-arm64, r-oldrel-macos-x86_64, r-oldrel-windows-x86_64