Last updated on 2024-06-26 03:49:33 CEST.
Flavor | Version | Tinstall | Tcheck | Ttotal | Status | Flags |
---|---|---|---|---|---|---|
r-devel-linux-x86_64-debian-clang | 1.5.0 | OK | ||||
r-devel-linux-x86_64-debian-gcc | 1.5.0 | 2.68 | 34.80 | 37.48 | OK | |
r-devel-linux-x86_64-fedora-clang | 1.5.0 | 65.66 | NOTE | |||
r-devel-linux-x86_64-fedora-gcc | 1.5.0 | 73.59 | NOTE | |||
r-devel-windows-x86_64 | 1.5.0 | 4.00 | 58.00 | 62.00 | OK | |
r-patched-linux-x86_64 | 1.5.0 | 3.75 | 44.10 | 47.85 | OK | |
r-release-linux-x86_64 | 1.5.0 | 3.23 | 44.12 | 47.35 | OK | |
r-release-macos-arm64 | 1.5.0 | 28.00 | OK | |||
r-release-macos-x86_64 | 1.5.0 | 40.00 | OK | |||
r-release-windows-x86_64 | 1.5.0 | 4.00 | 60.00 | 64.00 | OK | |
r-oldrel-macos-arm64 | 1.5.0 | 33.00 | OK | |||
r-oldrel-macos-x86_64 | 1.5.0 | 95.00 | OK | |||
r-oldrel-windows-x86_64 | 1.5.0 | 4.00 | 64.00 | 68.00 | OK |
Version: 1.5.0
Check: data for non-ASCII characters
Result: NOTE
Note: found 21 marked Latin-1 strings
Note: found 150 marked UTF-8 strings
Flavors: r-devel-linux-x86_64-fedora-clang, r-devel-linux-x86_64-fedora-gcc