Last updated on 2024-06-26 03:49:33 CEST.
Flavor | Version | Tinstall | Tcheck | Ttotal | Status | Flags |
---|---|---|---|---|---|---|
r-devel-linux-x86_64-debian-clang | 1.0.3 | NOTE | ||||
r-devel-linux-x86_64-debian-gcc | 1.0.3 | 9.38 | 85.68 | 95.06 | NOTE | |
r-devel-linux-x86_64-fedora-clang | 1.0.3 | 163.95 | NOTE | |||
r-devel-linux-x86_64-fedora-gcc | 1.0.3 | 148.52 | NOTE | |||
r-devel-windows-x86_64 | 1.0.3 | 10.00 | 94.00 | 104.00 | NOTE | |
r-patched-linux-x86_64 | 1.0.3 | 8.97 | 111.56 | 120.53 | NOTE | |
r-release-linux-x86_64 | 1.0.3 | 12.00 | 111.50 | 123.50 | NOTE | |
r-release-macos-arm64 | 1.0.3 | 45.00 | NOTE | |||
r-release-macos-x86_64 | 1.0.3 | 88.00 | NOTE | |||
r-release-windows-x86_64 | 1.0.3 | 10.00 | 94.00 | 104.00 | NOTE | |
r-oldrel-macos-arm64 | 1.0.3 | 47.00 | NOTE | |||
r-oldrel-macos-x86_64 | 1.0.3 | 81.00 | NOTE | |||
r-oldrel-windows-x86_64 | 1.0.3 | 13.00 | 118.00 | 131.00 | NOTE |
Version: 1.0.3
Check: LazyData
Result: NOTE
'LazyData' is specified without a 'data' directory
Flavors: r-devel-linux-x86_64-debian-clang, r-devel-linux-x86_64-debian-gcc, r-devel-linux-x86_64-fedora-clang, r-devel-linux-x86_64-fedora-gcc, r-devel-windows-x86_64, r-patched-linux-x86_64, r-release-linux-x86_64, r-release-macos-arm64, r-release-macos-x86_64, r-release-windows-x86_64, r-oldrel-macos-arm64, r-oldrel-macos-x86_64, r-oldrel-windows-x86_64