Last updated on 2024-06-19 03:50:36 CEST.
Flavor | Version | Tinstall | Tcheck | Ttotal | Status | Flags |
---|---|---|---|---|---|---|
r-devel-linux-x86_64-debian-clang | 6.5.0-4 | 85.91 | 199.16 | 285.07 | OK | |
r-devel-linux-x86_64-debian-gcc | 6.5.0-4 | 54.79 | 120.05 | 174.84 | OK | |
r-devel-linux-x86_64-fedora-clang | 6.5.0-4 | 333.14 | OK | |||
r-devel-linux-x86_64-fedora-gcc | 6.5.0-4 | 380.52 | OK | |||
r-devel-windows-x86_64 | 6.5.0-4 | 74.00 | 173.00 | 247.00 | OK | |
r-patched-linux-x86_64 | 6.5.0-4 | 73.91 | 166.40 | 240.31 | OK | |
r-release-linux-x86_64 | 6.5.0-4 | 77.58 | 167.64 | 245.22 | OK | |
r-release-macos-arm64 | 6.5.0-4 | 70.00 | NOTE | |||
r-release-macos-x86_64 | 6.5.0-4 | 105.00 | NOTE | |||
r-release-windows-x86_64 | 6.5.0-4 | 74.00 | 175.00 | 249.00 | OK | |
r-oldrel-macos-arm64 | 6.5.0-4 | 85.00 | NOTE | |||
r-oldrel-macos-x86_64 | 6.5.0-4 | 184.00 | NOTE | |||
r-oldrel-windows-x86_64 | 6.5.0-4 | 85.00 | 211.00 | 296.00 | OK |
Version: 6.5.0-4
Check: installed package size
Result: NOTE
installed size is 7.5Mb
sub-directories of 1Mb or more:
libs 4.7Mb
Flavors: r-release-macos-arm64, r-release-macos-x86_64, r-oldrel-macos-arm64, r-oldrel-macos-x86_64