Last updated on 2025-10-21 04:50:28 CEST.
Flavor | Version | Tinstall | Tcheck | Ttotal | Status | Flags |
---|---|---|---|---|---|---|
r-devel-linux-x86_64-debian-clang | 2.1.16 | 15.29 | 88.02 | 103.31 | OK | |
r-devel-linux-x86_64-debian-gcc | 2.1.16 | 9.03 | 60.00 | 69.03 | NOTE | |
r-devel-linux-x86_64-fedora-clang | 2.1.16 | 153.94 | OK | |||
r-devel-linux-x86_64-fedora-gcc | 2.1.16 | 151.40 | OK | |||
r-devel-windows-x86_64 | 2.1.16 | 24.00 | 120.00 | 144.00 | OK | |
r-patched-linux-x86_64 | 2.1.16 | 18.01 | 80.64 | 98.65 | OK | |
r-release-linux-x86_64 | 2.1.16 | 13.08 | 81.06 | 94.14 | OK | |
r-release-macos-arm64 | 2.1.16 | 62.00 | OK | |||
r-release-macos-x86_64 | 2.1.16 | 112.00 | OK | |||
r-release-windows-x86_64 | 2.1.16 | 22.00 | 120.00 | 142.00 | OK | |
r-oldrel-macos-arm64 | 2.1.16 | 49.00 | NOTE | |||
r-oldrel-macos-x86_64 | 2.1.16 | 126.00 | NOTE | |||
r-oldrel-windows-x86_64 | 2.1.16 | 29.00 | 142.00 | 171.00 | NOTE |
Version: 2.1.16
Check: HTML version of manual
Result: NOTE
Found the following HTML validation problems:
amChartsOutput.html:58:1 (amChartsOutput.Rd:16): Warning: missing </ul> before </div>
getCurrentStockData.html:123:1 (getCurrentStockData.Rd:60): Warning: missing </ul> before </div>
renderAmCharts.html:55:1 (renderAmCharts.Rd:15): Warning: missing </ul> before </div>
Flavor: r-devel-linux-x86_64-debian-gcc
Version: 2.1.16
Check: installed package size
Result: NOTE
installed size is 11.9Mb
sub-directories of 1Mb or more:
api 3.1Mb
htmlwidgets 7.1Mb
Flavors: r-oldrel-macos-arm64, r-oldrel-macos-x86_64, r-oldrel-windows-x86_64