CRAN Package Check Results for Package rKolada

Last updated on 2025-10-22 05:51:25 CEST.

Flavor Version Tinstall Tcheck Ttotal Status Flags
r-devel-linux-x86_64-debian-clang 0.2.3 3.35 50.56 53.91 NOTE
r-devel-linux-x86_64-debian-gcc 0.2.3 2.52 40.06 42.58 NOTE
r-devel-linux-x86_64-fedora-clang 0.2.3 81.13 NOTE
r-devel-linux-x86_64-fedora-gcc 0.2.3 92.72 NOTE
r-devel-windows-x86_64 0.2.3 5.00 77.00 82.00 NOTE
r-patched-linux-x86_64 0.2.3 3.85 47.49 51.34 NOTE
r-release-linux-x86_64 0.2.3 3.54 47.27 50.81 NOTE
r-release-macos-arm64 0.2.3 2.00 55.00 57.00 NOTE
r-release-macos-x86_64 0.2.3 4.00 80.00 84.00 NOTE
r-release-windows-x86_64 0.2.3 7.00 79.00 86.00 NOTE
r-oldrel-macos-arm64 0.2.3 2.00 57.00 59.00 OK
r-oldrel-macos-x86_64 0.2.3 3.00 96.00 99.00 OK
r-oldrel-windows-x86_64 0.2.3 7.00 107.00 114.00 OK

Check Details

Version: 0.2.3
Check: DESCRIPTION meta-information
Result: NOTE Missing dependency on R >= 4.1.0 because package code uses the pipe |> or function shorthand \(...) syntax added in R 4.1.0. File(s) using such syntax: ‘higher_order_metadata.R’ Flavors: r-devel-linux-x86_64-debian-clang, r-devel-linux-x86_64-debian-gcc, r-devel-linux-x86_64-fedora-clang, r-devel-linux-x86_64-fedora-gcc, r-devel-windows-x86_64, r-patched-linux-x86_64, r-release-linux-x86_64, r-release-macos-arm64, r-release-macos-x86_64, r-release-windows-x86_64

Version: 0.2.3
Check: HTML version of manual
Result: NOTE Found the following HTML validation problems: pipe.html:44:1 (pipe.Rd:9): Warning: missing </ul> before </div> Flavors: r-devel-linux-x86_64-debian-clang, r-devel-linux-x86_64-debian-gcc