Last updated on 2025-10-21 04:50:31 CEST.
Flavor | Version | Tinstall | Tcheck | Ttotal | Status | Flags |
---|---|---|---|---|---|---|
r-devel-linux-x86_64-debian-clang | 2.5.1 | 33.03 | 197.16 | 230.19 | OK | |
r-devel-linux-x86_64-debian-gcc | 2.5.1 | 18.19 | 130.72 | 148.91 | NOTE | |
r-devel-linux-x86_64-fedora-clang | 2.5.1 | 360.41 | OK | |||
r-devel-linux-x86_64-fedora-gcc | 2.5.1 | 357.92 | OK | |||
r-devel-windows-x86_64 | 2.5.1 | 30.00 | 187.00 | 217.00 | OK | |
r-patched-linux-x86_64 | 2.5.1 | 33.65 | 187.26 | 220.91 | OK | |
r-release-linux-x86_64 | 2.5.1 | 29.83 | 183.41 | 213.24 | OK | |
r-release-macos-arm64 | 2.5.1 | 97.00 | OK | |||
r-release-macos-x86_64 | 2.5.1 | 164.00 | OK | |||
r-release-windows-x86_64 | 2.5.1 | 33.00 | 189.00 | 222.00 | OK | |
r-oldrel-macos-arm64 | 2.5.1 | 87.00 | NOTE | |||
r-oldrel-macos-x86_64 | 2.5.1 | 203.00 | NOTE | |||
r-oldrel-windows-x86_64 | 2.5.1 | 44.00 | 244.00 | 288.00 | NOTE |
Version: 2.5.1
Check: HTML version of manual
Result: NOTE
Found the following HTML validation problems:
bru_get_mapper.inla_rspde_anisotropic2d.html:50:1 (bru_get_mapper.inla_rspde_anisotropic2d.Rd:12): Warning: missing </ul> before </div>
bru_get_mapper.inla_rspde_fintrinsic.html:50:1 (bru_get_mapper.inla_rspde_fintrinsic.Rd:12): Warning: missing </ul> before </div>
bru_get_mapper.inla_rspde_matern1d.html:64:1 (bru_get_mapper.inla_rspde_matern1d.Rd:25): Warning: missing </ul> before </div>
bru_get_mapper.inla_rspde_spacetime.html:50:1 (bru_get_mapper.inla_rspde_spacetime.Rd:12): Warning: missing </ul> before </div>
summary.intrinsicCBrSPDEobj.html:63:1 (summary.intrinsicCBrSPDEobj.Rd:22): Warning: missing </ul> before </div>
summary.rSPDEobj.html:64:1 (summary.rSPDEobj.Rd:23): Warning: missing </ul> before </div>
summary.rSPDEobj1d.html:63:1 (summary.rSPDEobj1d.Rd:22): Warning: missing </ul> before </div>
summary.spacetimeobj.html:63:1 (summary.spacetimeobj.Rd:22): Warning: missing </ul> before </div>
Flavor: r-devel-linux-x86_64-debian-gcc
Version: 2.5.1
Check: package dependencies
Result: NOTE
Package suggested but not available for checking: ‘INLA’
Flavors: r-oldrel-macos-arm64, r-oldrel-macos-x86_64
Version: 2.5.1
Check: installed package size
Result: NOTE
installed size is 6.4Mb
sub-directories of 1Mb or more:
R 4.7Mb
help 1.5Mb
Flavors: r-oldrel-macos-arm64, r-oldrel-macos-x86_64, r-oldrel-windows-x86_64