Last updated on 2025-10-21 04:50:29 CEST.
Flavor | Version | Tinstall | Tcheck | Ttotal | Status | Flags |
---|---|---|---|---|---|---|
r-devel-linux-x86_64-debian-clang | 0.0.2 | 3.47 | 61.41 | 64.88 | OK | |
r-devel-linux-x86_64-debian-gcc | 0.0.2 | 2.24 | 46.23 | 48.47 | NOTE | |
r-devel-linux-x86_64-fedora-clang | 0.0.2 | 95.62 | OK | |||
r-devel-linux-x86_64-fedora-gcc | 0.0.2 | 106.17 | OK | |||
r-devel-windows-x86_64 | 0.0.2 | 6.00 | 77.00 | 83.00 | OK | |
r-patched-linux-x86_64 | 0.0.2 | 4.29 | 56.34 | 60.63 | OK | |
r-release-linux-x86_64 | 0.0.2 | 2.73 | 56.46 | 59.19 | OK | |
r-release-macos-arm64 | 0.0.2 | 39.00 | OK | |||
r-release-macos-x86_64 | 0.0.2 | 176.00 | OK | |||
r-release-windows-x86_64 | 0.0.2 | 6.00 | 77.00 | 83.00 | OK | |
r-oldrel-macos-arm64 | 0.0.2 | 42.00 | OK | |||
r-oldrel-macos-x86_64 | 0.0.2 | 163.00 | OK | |||
r-oldrel-windows-x86_64 | 0.0.2 | 8.00 | 90.00 | 98.00 | OK |
Version: 0.0.2
Check: HTML version of manual
Result: NOTE
Found the following HTML validation problems:
extract_txt_char.html:54:1 (extract_txt_char.Rd:14): Warning: missing </ul> before </div>
extract_txt_cons.html:54:1 (extract_txt_cons.Rd:14): Warning: missing </ul> before </div>
extract_txt_death.html:54:1 (extract_txt_death.Rd:14): Warning: missing </ul> before </div>
extract_txt_drug.html:54:1 (extract_txt_drug.Rd:14): Warning: missing </ul> before </div>
extract_txt_hes_primary.html:54:1 (extract_txt_hes_primary.Rd:14): Warning: missing </ul> before </div>
extract_txt_linkage.html:50:1 (extract_txt_linkage.Rd:12): Warning: missing </ul> before </div>
extract_txt_obs.html:54:1 (extract_txt_obs.Rd:14): Warning: missing </ul> before </div>
extract_txt_pat.html:54:1 (extract_txt_pat.Rd:14): Warning: missing </ul> before </div>
extract_txt_prac.html:54:1 (extract_txt_prac.Rd:14): Warning: missing </ul> before </div>
extract_txt_prob.html:54:1 (extract_txt_prob.Rd:14): Warning: missing </ul> before </div>
extract_txt_ref.html:54:1 (extract_txt_ref.Rd:14): Warning: missing </ul> before </div>
implement_output.html:74:1 (implement_output.Rd:27): Warning: missing </ul> before </div>
Flavor: r-devel-linux-x86_64-debian-gcc