Last updated on 2025-10-21 04:50:29 CEST.
Flavor | Version | Tinstall | Tcheck | Ttotal | Status | Flags |
---|---|---|---|---|---|---|
r-devel-linux-x86_64-debian-clang | 1.2.0 | 15.61 | 70.28 | 85.89 | OK | |
r-devel-linux-x86_64-debian-gcc | 1.2.0 | 11.14 | 51.97 | 63.11 | NOTE | |
r-devel-linux-x86_64-fedora-clang | 1.2.0 | 135.85 | OK | |||
r-devel-linux-x86_64-fedora-gcc | 1.2.0 | 148.25 | OK | |||
r-devel-windows-x86_64 | 1.2.0 | 21.00 | 112.00 | 133.00 | OK | |
r-patched-linux-x86_64 | 1.2.0 | 17.89 | 67.52 | 85.41 | OK | |
r-release-linux-x86_64 | 1.2.0 | 17.59 | 67.06 | 84.65 | OK | |
r-release-macos-arm64 | 1.2.0 | 121.00 | OK | |||
r-release-macos-x86_64 | 1.2.0 | 169.00 | OK | |||
r-release-windows-x86_64 | 1.2.0 | 21.00 | 120.00 | 141.00 | OK | |
r-oldrel-macos-arm64 | 1.2.0 | 105.00 | OK | |||
r-oldrel-macos-x86_64 | 1.2.0 | 124.00 | OK | |||
r-oldrel-windows-x86_64 | 1.2.0 | 23.00 | 141.00 | 164.00 | OK |
Version: 1.2.0
Check: HTML version of manual
Result: NOTE
Found the following HTML validation problems:
print.html:60:1 (print.Rd:21): Warning: missing </ul> before </div>
unzip_single_gt3x.html:82:1 (unzip_single_gt3x.Rd:32): Warning: missing </ul> before </div>
Flavor: r-devel-linux-x86_64-debian-gcc