Last updated on 2025-10-21 04:50:29 CEST.
Flavor | Version | Tinstall | Tcheck | Ttotal | Status | Flags |
---|---|---|---|---|---|---|
r-devel-linux-x86_64-debian-clang | 1.1.7 | 4.63 | 45.16 | 49.79 | OK | |
r-devel-linux-x86_64-debian-gcc | 1.1.7 | 3.14 | 34.15 | 37.29 | NOTE | |
r-devel-linux-x86_64-fedora-clang | 1.1.7 | 73.92 | OK | |||
r-devel-linux-x86_64-fedora-gcc | 1.1.7 | 170.24 | OK | |||
r-devel-windows-x86_64 | 1.1.7 | 6.00 | 66.00 | 72.00 | OK | |
r-patched-linux-x86_64 | 1.1.7 | 4.38 | 42.36 | 46.74 | OK | |
r-release-linux-x86_64 | 1.1.7 | 3.97 | 42.40 | 46.37 | OK | |
r-release-macos-arm64 | 1.1.7 | 108.00 | OK | |||
r-release-macos-x86_64 | 1.1.7 | 218.00 | OK | |||
r-release-windows-x86_64 | 1.1.7 | 6.00 | 70.00 | 76.00 | OK | |
r-oldrel-macos-arm64 | 1.1.7 | 53.00 | OK | |||
r-oldrel-macos-x86_64 | 1.1.7 | 115.00 | OK | |||
r-oldrel-windows-x86_64 | 1.1.7 | 7.00 | 77.00 | 84.00 | OK |
Version: 1.1.7
Check: HTML version of manual
Result: NOTE
Found the following HTML validation problems:
repr_-times-.data.table.html:57:1 (repr_-times-.data.table.Rd:19): Warning: missing </ul> before </div>
repr_-times-.factor.html:57:1 (repr_-times-.factor.Rd:19): Warning: missing </ul> before </div>
repr_-times-.function.html:65:1 (repr_-times-.function.Rd:23): Warning: missing </ul> before </div>
repr_-times-.help_files_with_topic.html:57:1 (repr_-times-.help_files_with_topic.Rd:19): Warning: missing </ul> before </div>
repr_-times-.list.html:57:1 (repr_-times-.list.Rd:19): Warning: missing </ul> before </div>
repr_-times-.vector.html:106:1 (repr_-times-.vector.Rd:66): Warning: missing </ul> before </div>
repr_geojson.-times.html:102:1 (repr_geojson.-times.Rd:63): Warning: missing </ul> before </div>
repr_plotly1.-times.html:54:1 (repr_plotly1.-times.Rd:16): Warning: missing </ul> before </div>
repr_vega-times.html:51:1 (repr_vega-times.Rd:13): Warning: missing </ul> before </div>
Flavor: r-devel-linux-x86_64-debian-gcc