CRAN Package Check Results for Package revealedPrefs

Last updated on 2025-10-22 05:51:24 CEST.

Flavor Version Tinstall Tcheck Ttotal Status Flags
r-devel-linux-x86_64-debian-clang 0.4.1 61.90 28.44 90.34 NOTE
r-devel-linux-x86_64-debian-gcc 0.4.1 38.86 22.64 61.50 NOTE
r-devel-linux-x86_64-fedora-clang 0.4.1 129.00 49.93 178.93 NOTE
r-devel-linux-x86_64-fedora-gcc 0.4.1 199.00 -32.20 166.80 NOTE
r-devel-windows-x86_64 0.4.1 76.00 62.00 138.00 NOTE
r-patched-linux-x86_64 0.4.1 63.24 27.17 90.41 NOTE
r-release-linux-x86_64 0.4.1 66.35 27.34 93.69 NOTE
r-release-macos-arm64 0.4.1 24.00 19.00 43.00 NOTE
r-release-macos-x86_64 0.4.1 21.00 32.00 53.00 NOTE
r-release-windows-x86_64 0.4.1 77.00 68.00 145.00 NOTE
r-oldrel-macos-arm64 0.4.1 26.00 19.00 45.00 NOTE
r-oldrel-macos-x86_64 0.4.1 21.00 24.00 45.00 NOTE
r-oldrel-windows-x86_64 0.4.1 90.00 78.00 168.00 NOTE

Check Details

Version: 0.4.1
Check: CRAN incoming feasibility
Result: NOTE Maintainer: ‘Julien Boelaert <jubo.stats@gmail.com>’ No Authors@R field in DESCRIPTION. Please add one, modifying Authors@R: person(given = "Julien", family = "Boelaert", role = c("aut", "cre"), email = "jubo.stats@gmail.com") as necessary. Flavors: r-devel-linux-x86_64-debian-clang, r-devel-linux-x86_64-debian-gcc

Version: 0.4.1
Check: Rd files
Result: NOTE checkRd: (-1) cpUpper.Rd:39: Lost braces 39 | \code{"fastfloyd"}{ (default) uses an iterative variant of the Floyd-Warshall algorithm, in which the check of consistency of the current observation with a given cluster is done in a single step of the Floyd-Warshall algorithm. Much faster than \code{"floyd"}.} | ^ checkRd: (-1) cpUpper.Rd:41: Lost braces 41 | \code{"floyd"}{ uses the algorithm described in Crawford and Pendakur (2013): at each step the complete Floyd-Warshall algorithm is run to check whether each cluster can accomodate the current observation.} | ^ Flavors: r-devel-linux-x86_64-debian-clang, r-devel-linux-x86_64-debian-gcc, r-devel-linux-x86_64-fedora-clang, r-devel-linux-x86_64-fedora-gcc, r-devel-windows-x86_64, r-patched-linux-x86_64, r-release-linux-x86_64, r-release-macos-arm64, r-release-macos-x86_64, r-release-windows-x86_64, r-oldrel-macos-arm64, r-oldrel-macos-x86_64, r-oldrel-windows-x86_64