Last updated on 2025-10-22 05:51:25 CEST.
Flavor | Version | Tinstall | Tcheck | Ttotal | Status | Flags |
---|---|---|---|---|---|---|
r-devel-linux-x86_64-debian-clang | 1.8.2 | 88.37 | 34.16 | 122.53 | NOTE | |
r-devel-linux-x86_64-debian-gcc | 1.8.2 | 77.17 | 26.52 | 103.69 | NOTE | |
r-devel-linux-x86_64-fedora-clang | 1.8.2 | 200.00 | 34.16 | 234.16 | OK | |
r-devel-linux-x86_64-fedora-gcc | 1.8.2 | 465.00 | -191.46 | 273.54 | OK | |
r-devel-windows-x86_64 | 1.8.2 | 146.00 | 85.00 | 231.00 | OK | |
r-patched-linux-x86_64 | 1.8.2 | 105.69 | 30.09 | 135.78 | OK | |
r-release-linux-x86_64 | 1.8.2 | 107.30 | 30.90 | 138.20 | OK | |
r-release-macos-arm64 | 1.8.2 | 38.00 | 34.00 | 72.00 | OK | |
r-release-macos-x86_64 | 1.8.2 | 37.00 | 55.00 | 92.00 | OK | |
r-release-windows-x86_64 | 1.8.2 | 157.00 | 82.00 | 239.00 | OK | |
r-oldrel-macos-arm64 | 1.8.2 | 39.00 | 32.00 | 71.00 | NOTE | |
r-oldrel-macos-x86_64 | 1.8.2 | 20.00 | 32.00 | 52.00 | NOTE | |
r-oldrel-windows-x86_64 | 1.8.2 | 157.00 | 105.00 | 262.00 | OK |
Version: 1.8.2
Check: HTML version of manual
Result: NOTE
Found the following HTML validation problems:
check.html:68:1 (check.Rd:15): Warning: missing </ul> before </div>
las_specification_tools.html:171:1 (las_specification_tools.Rd:180): Warning: missing </ul> before </div>
Flavors: r-devel-linux-x86_64-debian-clang, r-devel-linux-x86_64-debian-gcc
Version: 1.8.2
Check: installed package size
Result: NOTE
installed size is 9.3Mb
sub-directories of 1Mb or more:
libs 8.8Mb
Flavors: r-oldrel-macos-arm64, r-oldrel-macos-x86_64