Last updated on 2025-10-21 04:50:31 CEST.
Flavor | Version | Tinstall | Tcheck | Ttotal | Status | Flags |
---|---|---|---|---|---|---|
r-devel-linux-x86_64-debian-clang | 1.0.15 | 113.64 | 88.40 | 202.04 | OK | |
r-devel-linux-x86_64-debian-gcc | 1.0.15 | 90.75 | 68.47 | 159.22 | NOTE | |
r-devel-linux-x86_64-fedora-clang | 1.0.15 | 336.68 | OK | |||
r-devel-linux-x86_64-fedora-gcc | 1.0.15 | 385.88 | OK | |||
r-devel-windows-x86_64 | 1.0.15 | 123.00 | 139.00 | 262.00 | OK | |
r-patched-linux-x86_64 | 1.0.15 | 131.83 | 90.99 | 222.82 | OK | |
r-release-linux-x86_64 | 1.0.15 | 127.80 | 91.37 | 219.17 | OK | |
r-release-macos-arm64 | 1.0.15 | 103.00 | OK | |||
r-release-macos-x86_64 | 1.0.15 | 155.00 | OK | |||
r-release-windows-x86_64 | 1.0.15 | 121.00 | 138.00 | 259.00 | OK | |
r-oldrel-macos-arm64 | 1.0.15 | 97.00 | NOTE | |||
r-oldrel-macos-x86_64 | 1.0.15 | 173.00 | NOTE | |||
r-oldrel-windows-x86_64 | 1.0.15 | 145.00 | 165.00 | 310.00 | OK |
Version: 1.0.15
Check: HTML version of manual
Result: NOTE
Found the following HTML validation problems:
crosstabTest.html:55:1 (crosstabTest.Rd:14): Warning: missing </ul> before </div>
rpf.dTheta.html:59:1 (rpf.dTheta.Rd:19): Warning: missing </ul> before </div>
rpf.mean.info.html:58:1 (rpf.mean.info.Rd:14): Warning: missing </ul> before </div>
rpf.mean.info1.html:54:1 (rpf.mean.info1.Rd:14): Warning: missing </ul> before </div>
Flavor: r-devel-linux-x86_64-debian-gcc
Version: 1.0.15
Check: installed package size
Result: NOTE
installed size is 27.7Mb
sub-directories of 1Mb or more:
libs 26.6Mb
Flavors: r-oldrel-macos-arm64, r-oldrel-macos-x86_64