Last updated on 2024-06-26 03:49:36 CEST.
Flavor | Version | Tinstall | Tcheck | Ttotal | Status | Flags |
---|---|---|---|---|---|---|
r-devel-linux-x86_64-debian-clang | 9.3.5.1 | NOTE | ||||
r-devel-linux-x86_64-debian-gcc | 9.3.5.1 | 272.25 | 32.96 | 305.21 | NOTE | |
r-devel-linux-x86_64-fedora-clang | 9.3.5.1 | 487.27 | NOTE | |||
r-devel-linux-x86_64-fedora-gcc | 9.3.5.1 | 591.39 | NOTE | |||
r-devel-windows-x86_64 | 9.3.5.1 | 907.00 | 76.00 | 983.00 | NOTE | |
r-patched-linux-x86_64 | 9.3.5.1 | 324.33 | 41.70 | 366.03 | NOTE | |
r-release-linux-x86_64 | 9.3.5.1 | 327.97 | 41.39 | 369.36 | NOTE | |
r-release-macos-arm64 | 9.3.5.1 | 195.00 | NOTE | |||
r-release-macos-x86_64 | 9.3.5.1 | 234.00 | NOTE | |||
r-release-windows-x86_64 | 9.3.5.1 | 881.00 | 76.00 | 957.00 | NOTE | |
r-oldrel-macos-arm64 | 9.3.5.1 | 195.00 | NOTE | |||
r-oldrel-macos-x86_64 | 9.3.5.1 | 318.00 | NOTE | |||
r-oldrel-windows-x86_64 | 9.3.5.1 | 1032.00 | 87.00 | 1119.00 | NOTE |
Version: 9.3.5.1
Check: for GNU extensions in Makefiles
Result: NOTE
GNU make is a SystemRequirements.
Flavors: r-devel-linux-x86_64-debian-clang, r-devel-linux-x86_64-debian-gcc, r-devel-linux-x86_64-fedora-clang, r-devel-linux-x86_64-fedora-gcc, r-devel-windows-x86_64, r-patched-linux-x86_64, r-release-linux-x86_64, r-release-macos-arm64, r-release-macos-x86_64, r-release-windows-x86_64, r-oldrel-macos-arm64, r-oldrel-macos-x86_64, r-oldrel-windows-x86_64
Version: 9.3.5.1
Check: compiled code
Result: NOTE
File ‘rswipl/libs/rswipl.so’:
Found non-API call to R: ‘SET_TYPEOF’
Compiled code should not call non-API entry points in R.
See ‘Writing portable packages’ in the ‘Writing R Extensions’ manual.
Flavors: r-devel-linux-x86_64-debian-clang, r-devel-linux-x86_64-debian-gcc, r-devel-linux-x86_64-fedora-clang, r-devel-linux-x86_64-fedora-gcc
Version: 9.3.5.1
Check: installed package size
Result: NOTE
installed size is 26.2Mb
sub-directories of 1Mb or more:
swipl 25.9Mb
Flavors: r-devel-linux-x86_64-fedora-clang, r-devel-windows-x86_64, r-release-macos-arm64, r-release-macos-x86_64, r-release-windows-x86_64, r-oldrel-macos-arm64, r-oldrel-macos-x86_64, r-oldrel-windows-x86_64
Version: 9.3.5.1
Check: compiled code
Result: NOTE
File 'rswipl/libs/x64/rswipl.dll':
Found non-API call to R: 'SET_TYPEOF'
Compiled code should not call non-API entry points in R.
See 'Writing portable packages' in the 'Writing R Extensions' manual.
Flavor: r-devel-windows-x86_64