Last updated on 2024-06-29 06:49:52 CEST.
Flavor | Version | Tinstall | Tcheck | Ttotal | Status | Flags |
---|---|---|---|---|---|---|
r-devel-linux-x86_64-debian-clang | 0.2.4 | 4.34 | 45.41 | 49.75 | OK | |
r-devel-linux-x86_64-debian-gcc | 0.2.4 | 3.66 | 35.02 | 38.68 | OK | |
r-devel-linux-x86_64-fedora-clang | 0.2.4 | 64.32 | NOTE | |||
r-devel-linux-x86_64-fedora-gcc | 0.2.4 | 75.50 | NOTE | |||
r-devel-windows-x86_64 | 0.2.4 | 5.00 | 55.00 | 60.00 | OK | |
r-patched-linux-x86_64 | 0.2.4 | 3.48 | 44.42 | 47.90 | OK | |
r-release-linux-x86_64 | 0.2.4 | 4.82 | 44.87 | 49.69 | OK | |
r-release-macos-arm64 | 0.2.4 | 26.00 | OK | |||
r-release-macos-x86_64 | 0.2.4 | 42.00 | OK | |||
r-release-windows-x86_64 | 0.2.4 | 5.00 | 55.00 | 60.00 | OK | |
r-oldrel-macos-arm64 | 0.2.4 | 32.00 | OK | |||
r-oldrel-macos-x86_64 | 0.2.4 | 45.00 | OK | |||
r-oldrel-windows-x86_64 | 0.2.4 | 7.00 | 61.00 | 68.00 | OK |
Version: 0.2.4
Check: data for non-ASCII characters
Result: NOTE
Note: found 4250 marked UTF-8 strings
Flavors: r-devel-linux-x86_64-fedora-clang, r-devel-linux-x86_64-fedora-gcc