Last updated on 2024-06-29 06:49:52 CEST.
Flavor | Version | Tinstall | Tcheck | Ttotal | Status | Flags |
---|---|---|---|---|---|---|
r-devel-linux-x86_64-debian-clang | 2.1.1 | 107.20 | 45.18 | 152.38 | OK | |
r-devel-linux-x86_64-debian-gcc | 2.1.1 | 74.60 | 33.94 | 108.54 | OK | |
r-devel-linux-x86_64-fedora-clang | 2.1.1 | 207.51 | OK | |||
r-devel-linux-x86_64-fedora-gcc | 2.1.1 | 229.62 | OK | |||
r-devel-windows-x86_64 | 2.1.1 | 95.00 | 91.00 | 186.00 | OK | |
r-patched-linux-x86_64 | 2.1.1 | 91.68 | 43.46 | 135.14 | OK | |
r-release-linux-x86_64 | 2.1.1 | 97.46 | 42.64 | 140.10 | OK | |
r-release-macos-arm64 | 2.1.1 | 52.00 | NOTE | |||
r-release-macos-x86_64 | 2.1.1 | 82.00 | NOTE | |||
r-release-windows-x86_64 | 2.1.1 | 93.00 | 91.00 | 184.00 | OK | |
r-oldrel-macos-arm64 | 2.1.1 | 55.00 | NOTE | |||
r-oldrel-macos-x86_64 | 2.1.1 | 88.00 | NOTE | |||
r-oldrel-windows-x86_64 | 2.1.1 | 113.00 | 102.00 | 215.00 | OK |
Version: 2.1.1
Check: installed package size
Result: NOTE
installed size is 6.8Mb
sub-directories of 1Mb or more:
libs 6.6Mb
Flavors: r-release-macos-arm64, r-release-macos-x86_64, r-oldrel-macos-arm64, r-oldrel-macos-x86_64