CRAN Package Check Results for Package sand

Last updated on 2025-10-22 05:51:26 CEST.

Flavor Version Tinstall Tcheck Ttotal Status Flags
r-devel-linux-x86_64-debian-clang 2.0.0 3.17 29.93 33.10 OK
r-devel-linux-x86_64-debian-gcc 2.0.0 2.10 23.26 25.36 OK
r-devel-linux-x86_64-fedora-clang 2.0.0 15.00 39.93 54.93 OK
r-devel-linux-x86_64-fedora-gcc 2.0.0 10.00 40.31 50.31 OK
r-devel-windows-x86_64 2.0.0 4.00 48.00 52.00 OK
r-patched-linux-x86_64 2.0.0 3.29 28.96 32.25 OK
r-release-linux-x86_64 2.0.0 3.00 28.65 31.65 OK
r-release-macos-arm64 2.0.0 2.00 21.00 23.00 OK
r-release-macos-x86_64 2.0.0 4.00 43.00 47.00 OK
r-release-windows-x86_64 2.0.0 5.00 50.00 55.00 OK
r-oldrel-macos-arm64 2.0.0 2.00 18.00 20.00 NOTE
r-oldrel-macos-x86_64 2.0.0 2.00 33.00 35.00 NOTE
r-oldrel-windows-x86_64 2.0.0 6.00 57.00 63.00 NOTE

Check Details

Version: 2.0.0
Check: package dependencies
Result: NOTE Packages suggested but not available for checking: 'networkTomography', 'org.Sc.sgd.db' Flavors: r-oldrel-macos-arm64, r-oldrel-macos-x86_64

Version: 2.0.0
Check: package dependencies
Result: NOTE Package suggested but not available for checking: 'networkTomography' Flavor: r-oldrel-windows-x86_64