Last updated on 2025-10-23 08:50:08 CEST.
Flavor | Version | Tinstall | Tcheck | Ttotal | Status | Flags |
---|---|---|---|---|---|---|
r-devel-linux-x86_64-debian-clang | 1.0.3 | 32.20 | 77.35 | 109.55 | NOTE | |
r-devel-linux-x86_64-debian-gcc | 1.0.3 | 27.93 | 56.28 | 84.21 | NOTE | |
r-devel-linux-x86_64-fedora-clang | 1.0.3 | 64.00 | 117.40 | 181.40 | OK | |
r-devel-linux-x86_64-fedora-gcc | 1.0.3 | 67.00 | 114.06 | 181.06 | OK | |
r-devel-windows-x86_64 | 1.0.3 | 41.00 | 104.00 | 145.00 | OK | |
r-patched-linux-x86_64 | 1.0.3 | 35.42 | 76.25 | 111.67 | OK | |
r-release-linux-x86_64 | 1.0.3 | 33.26 | 75.37 | 108.63 | OK | |
r-release-macos-arm64 | 1.0.3 | 16.00 | 36.00 | 52.00 | OK | |
r-release-macos-x86_64 | 1.0.3 | 27.00 | 65.00 | 92.00 | OK | |
r-release-windows-x86_64 | 1.0.3 | 40.00 | 106.00 | 146.00 | OK | |
r-oldrel-macos-arm64 | 1.0.3 | 16.00 | 41.00 | 57.00 | NOTE | |
r-oldrel-macos-x86_64 | 1.0.3 | 24.00 | 66.00 | 90.00 | NOTE | |
r-oldrel-windows-x86_64 | 1.0.3 | 51.00 | 138.00 | 189.00 | OK |
Version: 1.0.3
Check: CRAN incoming feasibility
Result: NOTE
Maintainer: ‘Viktoriya Krakovna <vkrakovna@gmail.com>’
No Authors@R field in DESCRIPTION.
Please add one, modifying
Authors@R: person(given = "Viktoriya",
family = "Krakovna",
role = c("aut", "cre"),
email = "vkrakovna@gmail.com")
as necessary.
The Description field contains
(2015), <arXiv:1506.02371>.
Please refer to arXiv e-prints via their arXiv DOI <doi:10.48550/arXiv.YYMM.NNNNN>.
Flavors: r-devel-linux-x86_64-debian-clang, r-devel-linux-x86_64-debian-gcc
Version: 1.0.3
Check: HTML version of manual
Result: NOTE
Found the following HTML validation problems:
edge_density_plot.html:58:1 (edge_density_plot.Rd:16): Warning: missing </ul> before </div>
logposterior_plot.html:58:1 (logposterior_plot.Rd:16): Warning: missing </ul> before </div>
signal_size_plot.html:59:1 (signal_size_plot.Rd:17): Warning: missing </ul> before </div>
Flavor: r-devel-linux-x86_64-debian-clang
Version: 1.0.3
Check: installed package size
Result: NOTE
installed size is 5.4Mb
sub-directories of 1Mb or more:
data 2.3Mb
libs 3.0Mb
Flavors: r-oldrel-macos-arm64, r-oldrel-macos-x86_64