Last updated on 2025-10-22 05:51:26 CEST.
Flavor | Version | Tinstall | Tcheck | Ttotal | Status | Flags |
---|---|---|---|---|---|---|
r-devel-linux-x86_64-debian-clang | 0.2.5 | 9.97 | 64.54 | 74.51 | NOTE | |
r-devel-linux-x86_64-debian-gcc | 0.2.5 | 7.79 | 47.88 | 55.67 | NOTE | |
r-devel-linux-x86_64-fedora-clang | 0.2.5 | 23.00 | 103.16 | 126.16 | OK | |
r-devel-linux-x86_64-fedora-gcc | 0.2.5 | 27.00 | 107.95 | 134.95 | OK | |
r-devel-windows-x86_64 | 0.2.5 | 13.00 | 84.00 | 97.00 | OK | |
r-patched-linux-x86_64 | 0.2.5 | 8.91 | 60.78 | 69.69 | OK | |
r-release-linux-x86_64 | 0.2.5 | 8.74 | 59.69 | 68.43 | OK | |
r-release-macos-arm64 | 0.2.5 | 6.00 | 59.00 | 65.00 | OK | |
r-release-macos-x86_64 | 0.2.5 | 13.00 | 96.00 | 109.00 | OK | |
r-release-windows-x86_64 | 0.2.5 | 12.00 | 86.00 | 98.00 | OK | |
r-oldrel-macos-arm64 | 0.2.5 | 6.00 | 66.00 | 72.00 | OK | |
r-oldrel-macos-x86_64 | 0.2.5 | 11.00 | 97.00 | 108.00 | OK | |
r-oldrel-windows-x86_64 | 0.2.5 | 16.00 | 102.00 | 118.00 | OK |
Version: 0.2.5
Check: HTML version of manual
Result: NOTE
Found the following HTML validation problems:
format_authors.html:46:1 (format_authors.Rd:10): Warning: missing </ul> before </div>
tidy_id.html:48:1 (tidy_id.Rd:12): Warning: missing </ul> before </div>
Flavors: r-devel-linux-x86_64-debian-clang, r-devel-linux-x86_64-debian-gcc