Last updated on 2024-06-29 06:49:53 CEST.
Flavor | Version | Tinstall | Tcheck | Ttotal | Status | Flags |
---|---|---|---|---|---|---|
r-devel-linux-x86_64-debian-clang | 1.1.4 | 11.17 | 397.96 | 409.13 | NOTE | |
r-devel-linux-x86_64-debian-gcc | 1.1.4 | 8.34 | 287.78 | 296.12 | NOTE | |
r-devel-linux-x86_64-fedora-clang | 1.1.4 | 488.29 | NOTE | |||
r-devel-linux-x86_64-fedora-gcc | 1.1.4 | 504.71 | NOTE | |||
r-devel-windows-x86_64 | 1.1.4 | 11.00 | 340.00 | 351.00 | NOTE | |
r-patched-linux-x86_64 | 1.1.4 | 11.69 | 377.13 | 388.82 | NOTE | |
r-release-linux-x86_64 | 1.1.4 | 11.13 | 373.30 | 384.43 | NOTE | |
r-release-macos-arm64 | 1.1.4 | 177.00 | NOTE | |||
r-release-macos-x86_64 | 1.1.4 | 237.00 | NOTE | |||
r-release-windows-x86_64 | 1.1.4 | 10.00 | 346.00 | 356.00 | NOTE | |
r-oldrel-macos-arm64 | 1.1.4 | 199.00 | OK | |||
r-oldrel-macos-x86_64 | 1.1.4 | 283.00 | OK | |||
r-oldrel-windows-x86_64 | 1.1.4 | 11.00 | 415.00 | 426.00 | OK |
Version: 1.1.4
Check: Rd files
Result: NOTE
checkRd: (-1) cln.Rd:27: Lost braces
27 | case for text \code{1} for 1st uppercase, code{2} for lowercase, code{3} for uppercase (optional)
| ^
checkRd: (-1) cln.Rd:27: Lost braces
27 | case for text \code{1} for 1st uppercase, code{2} for lowercase, code{3} for uppercase (optional)
| ^
Flavors: r-devel-linux-x86_64-debian-clang, r-devel-linux-x86_64-debian-gcc, r-devel-linux-x86_64-fedora-clang, r-devel-linux-x86_64-fedora-gcc, r-devel-windows-x86_64, r-patched-linux-x86_64, r-release-linux-x86_64, r-release-macos-arm64, r-release-macos-x86_64, r-release-windows-x86_64
Version: 1.1.4
Check: Rd cross-references
Result: NOTE
Undeclared package ‘tibble’ in Rd xrefs
Flavor: r-devel-linux-x86_64-fedora-clang