Last updated on 2025-10-22 05:51:27 CEST.
Flavor | Version | Tinstall | Tcheck | Ttotal | Status | Flags |
---|---|---|---|---|---|---|
r-devel-linux-x86_64-debian-clang | 0.5.4 | 4.60 | 85.50 | 90.10 | NOTE | |
r-devel-linux-x86_64-debian-gcc | 0.5.4 | 3.75 | 64.95 | 68.70 | NOTE | |
r-devel-linux-x86_64-fedora-clang | 0.5.4 | 13.00 | 124.90 | 137.90 | OK | |
r-devel-linux-x86_64-fedora-gcc | 0.5.4 | 16.00 | 137.82 | 153.82 | OK | |
r-devel-windows-x86_64 | 0.5.4 | 7.00 | 94.00 | 101.00 | OK | |
r-patched-linux-x86_64 | 0.5.4 | 5.40 | 80.67 | 86.07 | OK | |
r-release-linux-x86_64 | 0.5.4 | 5.44 | 81.60 | 87.04 | OK | |
r-release-macos-arm64 | 0.5.4 | 2.00 | 57.00 | 59.00 | OK | |
r-release-macos-x86_64 | 0.5.4 | 5.00 | 89.00 | 94.00 | OK | |
r-release-windows-x86_64 | 0.5.4 | 7.00 | 94.00 | 101.00 | OK | |
r-oldrel-macos-arm64 | 0.5.4 | 2.00 | 45.00 | 47.00 | OK | |
r-oldrel-macos-x86_64 | 0.5.4 | 4.00 | 67.00 | 71.00 | OK | |
r-oldrel-windows-x86_64 | 0.5.4 | 9.00 | 120.00 | 129.00 | OK |
Version: 0.5.4
Check: HTML version of manual
Result: NOTE
Found the following HTML validation problems:
Print_sftrack_objects.html:59:1 (Print_sftrack_objects.Rd:17): Warning: missing </ul> before </div>
Print_sftraj_objects.html:59:1 (Print_sftraj_objects.Rd:17): Warning: missing </ul> before </div>
active_group_replace.html:59:1 (active_group_replace.Rd:22): Warning: missing </ul> before </div>
calc_sort_index.html:50:1 (calc_sort_index.Rd:12): Warning: missing </ul> before </div>
check_NA_coords.html:46:1 (check_NA_coords.Rd:10): Warning: missing </ul> before </div>
check_NA_group.html:46:1 (check_NA_group.Rd:10): Warning: missing </ul> before </div>
check_group_id.html:46:1 (check_group_id.Rd:10): Warning: missing </ul> before </div>
check_group_names.html:46:1 (check_group_names.Rd:10): Warning: missing </ul> before </div>
check_names_exist.html:50:1 (check_names_exist.Rd:12): Warning: missing </ul> before </div>
check_ordered.html:54:1 (check_ordered.Rd:14): Warning: missing </ul> before </div>
check_t_regular.html:46:1 (check_t_regular.Rd:10): Warning: missing </ul> before </div>
check_time.html:46:1 (check_time.Rd:10): Warning: missing </ul> before </div>
dup_timestamp.html:50:1 (dup_timestamp.Rd:12): Warning: missing </ul> before </div>
group_labels.html:55:1 (group_labels.Rd:19): Warning: missing </ul> before </div>
group_name.html:55:1 (group_name.Rd:20): Warning: missing </ul> before </div>
is_linestring.html:50:1 (is_linestring.Rd:10): Warning: missing </ul> before </div>
merge_traj.html:46:1 (merge_traj.Rd:10): Warning: missing </ul> before </div>
new_sftrack.html:62:1 (new_sftrack.Rd:18): Warning: missing </ul> before </div>
new_sftraj.html:62:1 (new_sftraj.Rd:18): Warning: missing </ul> before </div>
step_recalc.html:51:1 (step_recalc.Rd:12): Warning: missing </ul> before </div>
summary_sftrack.html:46:1 (summary_sftrack.Rd:10): Warning: missing </ul> before </div>
which_duplicated.html:54:1 (which_duplicated.Rd:14): Warning: missing </ul> before </div>
Flavors: r-devel-linux-x86_64-debian-clang, r-devel-linux-x86_64-debian-gcc