Last updated on 2024-06-26 03:49:37 CEST.
Flavor | Version | Tinstall | Tcheck | Ttotal | Status | Flags |
---|---|---|---|---|---|---|
r-devel-linux-x86_64-debian-clang | 0.8.6 | OK | ||||
r-devel-linux-x86_64-debian-gcc | 0.8.6 | 7.60 | 47.94 | 55.54 | OK | |
r-devel-linux-x86_64-fedora-clang | 0.8.6 | 92.58 | NOTE | |||
r-devel-linux-x86_64-fedora-gcc | 0.8.6 | 86.57 | NOTE | |||
r-devel-windows-x86_64 | 0.8.6 | 10.00 | 66.00 | 76.00 | OK | |
r-patched-linux-x86_64 | 0.8.6 | 9.79 | 60.57 | 70.36 | OK | |
r-release-linux-x86_64 | 0.8.6 | 9.07 | 61.58 | 70.65 | OK | |
r-release-macos-arm64 | 0.8.6 | 28.00 | OK | |||
r-release-macos-x86_64 | 0.8.6 | 43.00 | OK | |||
r-release-windows-x86_64 | 0.8.6 | 11.00 | 68.00 | 79.00 | OK | |
r-oldrel-macos-arm64 | 0.8.6 | 29.00 | OK | |||
r-oldrel-macos-x86_64 | 0.8.6 | 54.00 | OK | |||
r-oldrel-windows-x86_64 | 0.8.6 | 12.00 | 76.00 | 88.00 | OK |
Version: 0.8.6
Check: data for non-ASCII characters
Result: NOTE
Note: found 2 marked UTF-8 strings
Flavors: r-devel-linux-x86_64-fedora-clang, r-devel-linux-x86_64-fedora-gcc