Last updated on 2025-10-22 05:51:27 CEST.
Flavor | Version | Tinstall | Tcheck | Ttotal | Status | Flags |
---|---|---|---|---|---|---|
r-devel-linux-x86_64-debian-clang | 0.4.1 | 3.76 | 50.01 | 53.77 | NOTE | |
r-devel-linux-x86_64-debian-gcc | 0.4.1 | 2.51 | 37.52 | 40.03 | NOTE | |
r-devel-linux-x86_64-fedora-clang | 0.4.1 | 79.56 | OK | |||
r-devel-linux-x86_64-fedora-gcc | 0.4.1 | 93.25 | OK | |||
r-devel-windows-x86_64 | 0.4.1 | 6.00 | 68.00 | 74.00 | OK | |
r-patched-linux-x86_64 | 0.4.1 | 3.71 | 46.57 | 50.28 | OK | |
r-release-linux-x86_64 | 0.4.1 | 3.33 | 46.34 | 49.67 | OK | |
r-release-macos-arm64 | 0.4.1 | 3.00 | 62.00 | 65.00 | OK | |
r-release-macos-x86_64 | 0.4.1 | 3.00 | 58.00 | 61.00 | OK | |
r-release-windows-x86_64 | 0.4.1 | 6.00 | 69.00 | 75.00 | OK | |
r-oldrel-macos-arm64 | 0.4.1 | 2.00 | 35.00 | 37.00 | OK | |
r-oldrel-macos-x86_64 | 0.4.1 | 3.00 | 50.00 | 53.00 | OK | |
r-oldrel-windows-x86_64 | 0.4.1 | 7.00 | 82.00 | 89.00 | OK |
Version: 0.4.1
Check: HTML version of manual
Result: NOTE
Found the following HTML validation problems:
jqui_position.html:120:1 (jqui_position.Rd:63): Warning: missing </ul> before </div>
Flavors: r-devel-linux-x86_64-debian-clang, r-devel-linux-x86_64-debian-gcc