Last updated on 2025-11-14 03:50:07 CET.
| Flavor | Version | Tinstall | Tcheck | Ttotal | Status | Flags |
|---|---|---|---|---|---|---|
| r-devel-linux-x86_64-debian-clang | 0.1.0 | 2.46 | 31.05 | 33.51 | OK | |
| r-devel-linux-x86_64-debian-gcc | 0.1.0 | 1.92 | 24.70 | 26.62 | OK | |
| r-devel-linux-x86_64-fedora-clang | 0.1.0 | 50.35 | OK | |||
| r-devel-linux-x86_64-fedora-gcc | 0.1.0 | 11.00 | 53.68 | 64.68 | OK | |
| r-devel-windows-x86_64 | 0.1.0 | 7.00 | 50.00 | 57.00 | OK | |
| r-patched-linux-x86_64 | 0.1.0 | 1.87 | 28.73 | 30.60 | OK | |
| r-release-linux-x86_64 | 0.1.0 | 2.63 | 28.65 | 31.28 | OK | |
| r-release-macos-arm64 | 0.1.0 | 1.00 | 28.00 | 29.00 | OK | |
| r-release-macos-x86_64 | 0.1.0 | 2.00 | 56.00 | 58.00 | OK | |
| r-release-windows-x86_64 | 0.1.0 | 6.00 | 50.00 | 56.00 | OK | |
| r-oldrel-macos-arm64 | 0.1.0 | 1.00 | 29.00 | 30.00 | NOTE | |
| r-oldrel-macos-x86_64 | 0.1.0 | 2.00 | 36.00 | 38.00 | NOTE | |
| r-oldrel-windows-x86_64 | 0.1.0 | 6.00 | 63.00 | 69.00 | NOTE |
Version: 0.1.0
Check: LazyData
Result: NOTE
'LazyData' is specified without a 'data' directory
Flavors: r-oldrel-macos-arm64, r-oldrel-macos-x86_64, r-oldrel-windows-x86_64