Last updated on 2025-11-26 07:51:09 CET.
| Flavor | Version | Tinstall | Tcheck | Ttotal | Status | Flags |
|---|---|---|---|---|---|---|
| r-devel-linux-x86_64-debian-clang | 1.2.2 | 9.98 | 80.37 | 90.35 | NOTE | |
| r-devel-linux-x86_64-debian-gcc | 1.2.2 | 5.84 | 59.31 | 65.15 | NOTE | |
| r-devel-linux-x86_64-fedora-clang | 1.2.2 | 21.00 | 119.74 | 140.74 | NOTE | |
| r-devel-linux-x86_64-fedora-gcc | 1.2.2 | 21.00 | 127.02 | 148.02 | NOTE | |
| r-devel-windows-x86_64 | 1.2.2 | 13.00 | 90.00 | 103.00 | OK | |
| r-patched-linux-x86_64 | 1.2.2 | 9.74 | 76.34 | 86.08 | OK | |
| r-release-linux-x86_64 | 1.2.2 | 9.87 | 76.30 | 86.17 | OK | |
| r-release-macos-arm64 | 1.2.2 | OK | ||||
| r-release-macos-x86_64 | 1.2.2 | 9.00 | 86.00 | 95.00 | OK | |
| r-release-windows-x86_64 | 1.2.2 | 11.00 | 100.00 | 111.00 | OK | |
| r-oldrel-macos-arm64 | 1.2.2 | OK | ||||
| r-oldrel-macos-x86_64 | 1.2.2 | 6.00 | 62.00 | 68.00 | OK | |
| r-oldrel-windows-x86_64 | 1.2.2 | 15.00 | 111.00 | 126.00 | OK |
Version: 1.2.2
Check: CRAN incoming feasibility
Result: NOTE
Maintainer: ‘Rami Yaari <ramiyaari@gmail.com>’
The Description field contains
& Yaari (2018) <arXiv:1807.04202>. Dattner et al. (2017)
Please refer to arXiv e-prints via their arXiv DOI <doi:10.48550/arXiv.YYMM.NNNNN>.
Flavors: r-devel-linux-x86_64-debian-clang, r-devel-linux-x86_64-debian-gcc
Version: 1.2.2
Check: dependencies in R code
Result: NOTE
Namespace in Imports field not imported from: ‘quadprog’
All declared Imports should be used.
Flavors: r-devel-linux-x86_64-fedora-clang, r-devel-linux-x86_64-fedora-gcc