CRAN Package Check Results for Package sjlabelled

Last updated on 2025-10-22 05:51:27 CEST.

Flavor Version Tinstall Tcheck Ttotal Status Flags
r-devel-linux-x86_64-debian-clang 1.2.0 4.13 56.80 60.93 NOTE
r-devel-linux-x86_64-debian-gcc 1.2.0 3.12 42.46 45.58 NOTE
r-devel-linux-x86_64-fedora-clang 1.2.0 17.00 77.80 94.80 OK
r-devel-linux-x86_64-fedora-gcc 1.2.0 14.00 90.83 104.83 OK
r-devel-windows-x86_64 1.2.0 6.00 76.00 82.00 OK
r-patched-linux-x86_64 1.2.0 4.64 52.43 57.07 OK
r-release-linux-x86_64 1.2.0 4.12 52.22 56.34 OK
r-release-macos-arm64 1.2.0 5.00 45.00 50.00 OK
r-release-macos-x86_64 1.2.0 4.00 66.00 70.00 OK
r-release-windows-x86_64 1.2.0 6.00 79.00 85.00 OK
r-oldrel-macos-arm64 1.2.0 2.00 35.00 37.00 OK
r-oldrel-macos-x86_64 1.2.0 3.00 51.00 54.00 OK
r-oldrel-windows-x86_64 1.2.0 9.00 87.00 96.00 OK

Check Details

Version: 1.2.0
Check: HTML version of manual
Result: NOTE Found the following HTML validation problems: write_spss.html:70:1 (write_spss.Rd:27): Warning: missing </ul> before </div> Flavors: r-devel-linux-x86_64-debian-clang, r-devel-linux-x86_64-debian-gcc