CRAN Package Check Results for Package smicd

Last updated on 2025-10-22 05:51:27 CEST.

Flavor Version Tinstall Tcheck Ttotal Status Flags
r-devel-linux-x86_64-debian-clang 1.1.5 15.63 123.65 139.28 NOTE
r-devel-linux-x86_64-debian-gcc 1.1.5 9.92 86.54 96.46 NOTE
r-devel-linux-x86_64-fedora-clang 1.1.5 106.00 125.53 231.53 OK
r-devel-linux-x86_64-fedora-gcc 1.1.5 36.00 186.63 222.63 OK
r-devel-windows-x86_64 1.1.5 17.00 141.00 158.00 OK
r-patched-linux-x86_64 1.1.5 13.95 114.56 128.51 OK
r-release-linux-x86_64 1.1.5 14.01 114.24 128.25 OK
r-release-macos-arm64 1.1.5 6.00 49.00 55.00 OK
r-release-macos-x86_64 1.1.5 12.00 107.00 119.00 OK
r-release-windows-x86_64 1.1.5 17.00 118.00 135.00 OK
r-oldrel-macos-arm64 1.1.5 7.00 35.00 42.00 OK
r-oldrel-macos-x86_64 1.1.5 7.00 59.00 66.00 OK
r-oldrel-windows-x86_64 1.1.5 24.00 151.00 175.00 OK

Check Details

Version: 1.1.5
Check: CRAN incoming feasibility
Result: NOTE Maintainer: ‘Paul Walter <paul.w@gmx.net>’ No Authors@R field in DESCRIPTION. Please add one, modifying Authors@R: person(given = "Paul", family = "Walter", role = c("aut", "cre"), email = "paul.w@gmx.net") as necessary. Flavors: r-devel-linux-x86_64-debian-clang, r-devel-linux-x86_64-debian-gcc

Version: 1.1.5
Check: HTML version of manual
Result: NOTE Found the following HTML validation problems: print.summary.sem.html:51:1 (print.summary.sem.Rd:12): Warning: missing </ul> before </div> Flavors: r-devel-linux-x86_64-debian-clang, r-devel-linux-x86_64-debian-gcc