Last updated on 2025-10-23 08:50:10 CEST.
Flavor | Version | Tinstall | Tcheck | Ttotal | Status | Flags |
---|---|---|---|---|---|---|
r-devel-linux-x86_64-debian-clang | 0.11 | 13.25 | 108.65 | 121.90 | NOTE | |
r-devel-linux-x86_64-debian-gcc | 0.11 | 7.68 | 71.91 | 79.59 | NOTE | |
r-devel-linux-x86_64-fedora-clang | 0.11 | 68.00 | 119.22 | 187.22 | NOTE | |
r-devel-linux-x86_64-fedora-gcc | 0.11 | 33.00 | 136.15 | 169.15 | NOTE | |
r-devel-windows-x86_64 | 0.11 | 14.00 | 122.00 | 136.00 | NOTE | |
r-patched-linux-x86_64 | 0.11 | 12.47 | 97.14 | 109.61 | NOTE | |
r-release-linux-x86_64 | 0.11 | 11.99 | 95.77 | 107.76 | NOTE | |
r-release-macos-arm64 | 0.11 | 6.00 | 53.00 | 59.00 | NOTE | |
r-release-macos-x86_64 | 0.11 | 11.00 | 83.00 | 94.00 | NOTE | |
r-release-windows-x86_64 | 0.11 | 14.00 | 122.00 | 136.00 | NOTE | |
r-oldrel-macos-arm64 | 0.11 | 5.00 | 48.00 | 53.00 | OK | |
r-oldrel-macos-x86_64 | 0.11 | 17.00 | 101.00 | 118.00 | OK | |
r-oldrel-windows-x86_64 | 0.11 | 18.00 | 143.00 | 161.00 | OK |
Version: 0.11
Check: DESCRIPTION meta-information
Result: NOTE
Missing dependency on R >= 4.1.0 because package code uses the pipe
|> or function shorthand \(...) syntax added in R 4.1.0.
File(s) using such syntax:
‘meteoReaders.R’
Flavors: r-devel-linux-x86_64-debian-clang, r-devel-linux-x86_64-debian-gcc, r-devel-linux-x86_64-fedora-clang, r-devel-linux-x86_64-fedora-gcc, r-devel-windows-x86_64, r-patched-linux-x86_64, r-release-linux-x86_64, r-release-macos-arm64, r-release-macos-x86_64, r-release-windows-x86_64