Last updated on 2024-06-26 03:49:37 CEST.
Flavor | Version | Tinstall | Tcheck | Ttotal | Status | Flags |
---|---|---|---|---|---|---|
r-devel-linux-x86_64-debian-clang | 0.1.0 | NOTE | ||||
r-devel-linux-x86_64-debian-gcc | 0.1.0 | 2.30 | 103.33 | 105.63 | NOTE | |
r-devel-linux-x86_64-fedora-clang | 0.1.0 | 151.45 | NOTE | |||
r-devel-linux-x86_64-fedora-gcc | 0.1.0 | 203.00 | NOTE | |||
r-devel-windows-x86_64 | 0.1.0 | 3.00 | 105.00 | 108.00 | NOTE | |
r-patched-linux-x86_64 | 0.1.0 | 3.02 | 141.66 | 144.68 | NOTE | |
r-release-linux-x86_64 | 0.1.0 | 2.43 | 139.63 | 142.06 | NOTE | |
r-release-macos-arm64 | 0.1.0 | 58.00 | NOTE | |||
r-release-macos-x86_64 | 0.1.0 | 94.00 | NOTE | |||
r-release-windows-x86_64 | 0.1.0 | 3.00 | 106.00 | 109.00 | NOTE | |
r-oldrel-macos-arm64 | 0.1.0 | 62.00 | NOTE | |||
r-oldrel-macos-x86_64 | 0.1.0 | 116.00 | NOTE | |||
r-oldrel-windows-x86_64 | 0.1.0 | 3.00 | 121.00 | 124.00 | NOTE |
Version: 0.1.0
Check: LazyData
Result: NOTE
'LazyData' is specified without a 'data' directory
Flavors: r-devel-linux-x86_64-debian-clang, r-devel-linux-x86_64-debian-gcc, r-devel-linux-x86_64-fedora-clang, r-devel-linux-x86_64-fedora-gcc, r-devel-windows-x86_64, r-patched-linux-x86_64, r-release-linux-x86_64, r-release-macos-arm64, r-release-macos-x86_64, r-release-windows-x86_64, r-oldrel-macos-arm64, r-oldrel-macos-x86_64, r-oldrel-windows-x86_64