Last updated on 2024-06-15 05:49:27 CEST.
Flavor | Version | Tinstall | Tcheck | Ttotal | Status | Flags |
---|---|---|---|---|---|---|
r-devel-linux-x86_64-debian-clang | 0.4.1 | 19.41 | 143.08 | 162.49 | NOTE | |
r-devel-linux-x86_64-debian-gcc | 0.4.1 | 14.02 | 105.42 | 119.44 | NOTE | |
r-devel-linux-x86_64-fedora-clang | 0.4.1 | 207.15 | NOTE | |||
r-devel-linux-x86_64-fedora-gcc | 0.4.1 | 188.34 | NOTE | |||
r-devel-windows-x86_64 | 0.4.1 | 14.00 | 112.00 | 126.00 | NOTE | |
r-patched-linux-x86_64 | 0.4.1 | 29.80 | 136.28 | 166.08 | NOTE | |
r-release-linux-x86_64 | 0.4.1 | 12.60 | 136.75 | 149.35 | NOTE | |
r-release-macos-arm64 | 0.4.1 | 54.00 | NOTE | |||
r-release-macos-x86_64 | 0.4.1 | 78.00 | NOTE | |||
r-release-windows-x86_64 | 0.4.1 | 15.00 | 113.00 | 128.00 | NOTE | |
r-oldrel-macos-arm64 | 0.4.1 | 60.00 | NOTE | |||
r-oldrel-macos-x86_64 | 0.4.1 | 75.00 | NOTE | |||
r-oldrel-windows-x86_64 | 0.4.1 | 19.00 | 141.00 | 160.00 | NOTE |
Version: 0.4.1
Check: package subdirectories
Result: NOTE
Problems with news in ‘NEWS.md’:
No news entries found.
Flavors: r-devel-linux-x86_64-debian-clang, r-devel-linux-x86_64-debian-gcc, r-devel-linux-x86_64-fedora-clang, r-devel-linux-x86_64-fedora-gcc, r-devel-windows-x86_64, r-patched-linux-x86_64, r-release-linux-x86_64, r-release-macos-arm64, r-release-macos-x86_64, r-release-windows-x86_64, r-oldrel-macos-arm64, r-oldrel-macos-x86_64, r-oldrel-windows-x86_64