CRAN Package Check Results for Package spdynmod

Last updated on 2025-07-26 16:49:56 CEST.

Flavor Version Tinstall Tcheck Ttotal Status Flags
r-devel-linux-x86_64-debian-clang 1.1.6 28.99 230.58 259.57 NOTE
r-devel-linux-x86_64-debian-gcc 1.1.6 19.53 146.17 165.70 NOTE
r-devel-linux-x86_64-fedora-clang 1.1.6 412.15 OK
r-devel-linux-x86_64-fedora-gcc 1.1.6 436.09 OK
r-devel-windows-x86_64 1.1.6 24.00 206.00 230.00 OK
r-patched-linux-x86_64 1.1.6 25.60 222.81 248.41 OK
r-release-linux-x86_64 1.1.6 25.02 223.47 248.49 OK
r-release-macos-arm64 1.1.6 119.00 OK
r-release-macos-x86_64 1.1.6 233.00 OK
r-release-windows-x86_64 1.1.6 24.00 197.00 221.00 OK
r-oldrel-macos-arm64 1.1.6 93.00 OK
r-oldrel-macos-x86_64 1.1.6 148.00 OK
r-oldrel-windows-x86_64 1.1.6 35.00 272.00 307.00 OK

Check Details

Version: 1.1.6
Check: CRAN incoming feasibility
Result: NOTE Maintainer: ‘Javier Martinez-Lopez <javi.martinez.lopez@gmail.com>’ No Authors@R field in DESCRIPTION. Please add one, modifying Authors@R: c(person(given = "Javier", family = "Martinez-Lopez", role = c("aut", "cre"), email = "javi.martinez.lopez@gmail.com"), person(given = "Babak", family = "Naimi", role = "aut", email = "naimi.b@gmail.com"), person(given = "Julia", family = "Martinez-Fernandez", role = "aut", email = "juliamf@um.es")) as necessary. Flavors: r-devel-linux-x86_64-debian-clang, r-devel-linux-x86_64-debian-gcc