Last updated on 2024-06-29 06:49:54 CEST.
Flavor | Version | Tinstall | Tcheck | Ttotal | Status | Flags |
---|---|---|---|---|---|---|
r-devel-linux-x86_64-debian-clang | 1.0.6 | 17.04 | 415.01 | 432.05 | OK | |
r-devel-linux-x86_64-debian-gcc | 1.0.6 | 17.80 | 302.57 | 320.37 | OK | |
r-devel-linux-x86_64-fedora-clang | 1.0.6 | 516.05 | NOTE | |||
r-devel-linux-x86_64-fedora-gcc | 1.0.6 | 518.83 | NOTE | |||
r-devel-windows-x86_64 | 1.0.6 | 18.00 | 274.00 | 292.00 | OK | |
r-patched-linux-x86_64 | 1.0.6 | 12.63 | 402.75 | 415.38 | OK | |
r-release-linux-x86_64 | 1.0.6 | 13.91 | 401.66 | 415.57 | OK | |
r-release-macos-arm64 | 1.0.6 | 121.00 | OK | |||
r-release-macos-x86_64 | 1.0.6 | 207.00 | OK | |||
r-release-windows-x86_64 | 1.0.6 | 20.00 | 278.00 | 298.00 | OK | |
r-oldrel-macos-arm64 | 1.0.6 | 171.00 | OK | |||
r-oldrel-macos-x86_64 | 1.0.6 | 235.00 | OK | |||
r-oldrel-windows-x86_64 | 1.0.6 | 24.00 | 378.00 | 402.00 | OK |
Version: 1.0.6
Check: dependencies in R code
Result: NOTE
Namespace in Imports field not imported from: ‘knitr’
All declared Imports should be used.
Flavors: r-devel-linux-x86_64-fedora-clang, r-devel-linux-x86_64-fedora-gcc