Last updated on 2024-06-16 03:57:41 CEST.
Flavor | Version | Tinstall | Tcheck | Ttotal | Status | Flags |
---|---|---|---|---|---|---|
r-devel-linux-x86_64-debian-clang | 1.1.6 | 4.40 | 34.36 | 38.76 | NOTE | |
r-devel-linux-x86_64-debian-gcc | 1.1.6 | 3.93 | 24.79 | 28.72 | NOTE | |
r-devel-linux-x86_64-fedora-clang | 1.1.6 | 49.01 | NOTE | |||
r-devel-linux-x86_64-fedora-gcc | 1.1.6 | 45.83 | NOTE | |||
r-devel-windows-x86_64 | 1.1.6 | 7.00 | 54.00 | 61.00 | NOTE | |
r-patched-linux-x86_64 | 1.1.6 | 4.59 | 32.88 | 37.47 | NOTE | |
r-release-linux-x86_64 | 1.1.6 | 4.19 | 32.31 | 36.50 | NOTE | |
r-release-macos-arm64 | 1.1.6 | 18.00 | NOTE | |||
r-release-macos-x86_64 | 1.1.6 | 39.00 | NOTE | |||
r-release-windows-x86_64 | 1.1.6 | 6.00 | 50.00 | 56.00 | NOTE | |
r-oldrel-macos-arm64 | 1.1.6 | 20.00 | NOTE | |||
r-oldrel-macos-x86_64 | 1.1.6 | 26.00 | NOTE | |||
r-oldrel-windows-x86_64 | 1.1.6 | 9.00 | 53.00 | 62.00 | NOTE |
Version: 1.1.6
Check: package subdirectories
Result: NOTE
Problems with news in ‘NEWS.md’:
No news entries found.
Flavors: r-devel-linux-x86_64-debian-clang, r-devel-linux-x86_64-debian-gcc, r-devel-linux-x86_64-fedora-clang, r-devel-linux-x86_64-fedora-gcc, r-devel-windows-x86_64, r-patched-linux-x86_64, r-release-linux-x86_64, r-release-macos-arm64, r-release-macos-x86_64, r-release-windows-x86_64, r-oldrel-macos-arm64, r-oldrel-macos-x86_64, r-oldrel-windows-x86_64