Last updated on 2025-10-22 05:51:28 CEST.
Flavor | Version | Tinstall | Tcheck | Ttotal | Status | Flags |
---|---|---|---|---|---|---|
r-devel-linux-x86_64-debian-clang | 1.1-2 | 3.23 | 31.05 | 34.28 | NOTE | |
r-devel-linux-x86_64-debian-gcc | 1.1-2 | 2.18 | 24.51 | 26.69 | NOTE | |
r-devel-linux-x86_64-fedora-clang | 1.1-2 | 52.65 | OK | |||
r-devel-linux-x86_64-fedora-gcc | 1.1-2 | 63.44 | OK | |||
r-devel-windows-x86_64 | 1.1-2 | 3.00 | 49.00 | 52.00 | OK | |
r-patched-linux-x86_64 | 1.1-2 | 3.54 | 29.44 | 32.98 | OK | |
r-release-linux-x86_64 | 1.1-2 | 2.84 | 29.50 | 32.34 | OK | |
r-release-macos-arm64 | 1.1-2 | 2.00 | 31.00 | 33.00 | OK | |
r-release-macos-x86_64 | 1.1-2 | 3.00 | 40.00 | 43.00 | OK | |
r-release-windows-x86_64 | 1.1-2 | 5.00 | 51.00 | 56.00 | OK | |
r-oldrel-macos-arm64 | 1.1-2 | 2.00 | 21.00 | 23.00 | OK | |
r-oldrel-macos-x86_64 | 1.1-2 | 3.00 | 32.00 | 35.00 | OK | |
r-oldrel-windows-x86_64 | 1.1-2 | 4.00 | 57.00 | 61.00 | OK |
Version: 1.1-2
Check: CRAN incoming feasibility
Result: NOTE
Maintainer: ‘David Nutter <david.nutter@bioss.ac.uk>’
No Authors@R field in DESCRIPTION.
Please add one, modifying
Authors@R: c(person(given = "Helen",
family = "Kettle",
role = "aut"),
person(given = "David",
family = "Nutter",
role = "cre",
email = "david.nutter@bioss.ac.uk"))
as necessary.
Flavors: r-devel-linux-x86_64-debian-clang, r-devel-linux-x86_64-debian-gcc
Version: 1.1-2
Check: HTML version of manual
Result: NOTE
Found the following HTML validation problems:
runStagePopExample.html:47:1 (runStagePopExample.Rd:10): Warning: missing </ul> before </div>
sumStrains.html:83:1 (sumStrains.Rd:33): Warning: missing </ul> before </div>
Flavors: r-devel-linux-x86_64-debian-clang, r-devel-linux-x86_64-debian-gcc