Last updated on 2024-06-26 03:49:38 CEST.
Flavor | Version | Tinstall | Tcheck | Ttotal | Status | Flags |
---|---|---|---|---|---|---|
r-devel-linux-x86_64-debian-clang | 1.1.2 | NOTE | ||||
r-devel-linux-x86_64-debian-gcc | 1.1.2 | 41.45 | 74.55 | 116.00 | NOTE | |
r-devel-linux-x86_64-fedora-clang | 1.1.2 | 221.26 | NOTE | |||
r-devel-linux-x86_64-fedora-gcc | 1.1.2 | 242.17 | NOTE | |||
r-devel-windows-x86_64 | 1.1.2 | 46.00 | 119.00 | 165.00 | NOTE | |
r-patched-linux-x86_64 | 1.1.2 | 50.38 | 96.74 | 147.12 | OK | |
r-release-linux-x86_64 | 1.1.2 | 48.89 | 96.46 | 145.35 | OK | |
r-release-macos-arm64 | 1.1.2 | 90.00 | NOTE | |||
r-release-macos-x86_64 | 1.1.2 | 92.00 | NOTE | |||
r-release-windows-x86_64 | 1.1.2 | 48.00 | 120.00 | 168.00 | NOTE | |
r-oldrel-macos-arm64 | 1.1.2 | 82.00 | NOTE | |||
r-oldrel-macos-x86_64 | 1.1.2 | 175.00 | NOTE | |||
r-oldrel-windows-x86_64 | 1.1.2 | 45.00 | 143.00 | 188.00 | NOTE |
Version: 1.1.2
Check: compiled code
Result: NOTE
File ‘stringmagic/libs/stringmagic.so’:
Found non-API call to R: ‘STRING_PTR’
Compiled code should not call non-API entry points in R.
See ‘Writing portable packages’ in the ‘Writing R Extensions’ manual.
Flavors: r-devel-linux-x86_64-debian-clang, r-devel-linux-x86_64-debian-gcc, r-devel-linux-x86_64-fedora-clang, r-devel-linux-x86_64-fedora-gcc
Version: 1.1.2
Check: installed package size
Result: NOTE
installed size is 8.2Mb
sub-directories of 1Mb or more:
doc 7.2Mb
Flavors: r-devel-linux-x86_64-fedora-clang, r-devel-windows-x86_64, r-release-macos-arm64, r-release-macos-x86_64, r-release-windows-x86_64, r-oldrel-macos-arm64, r-oldrel-macos-x86_64, r-oldrel-windows-x86_64
Version: 1.1.2
Check: compiled code
Result: NOTE
File 'stringmagic/libs/x64/stringmagic.dll':
Found non-API call to R: 'STRING_PTR'
Compiled code should not call non-API entry points in R.
See 'Writing portable packages' in the 'Writing R Extensions' manual.
Flavor: r-devel-windows-x86_64