Last updated on 2025-11-02 13:49:55 CET.
| Flavor | Version | Tinstall | Tcheck | Ttotal | Status | Flags |
|---|---|---|---|---|---|---|
| r-devel-linux-x86_64-debian-clang | 1.5-4-1.0.1 | 73.60 | 72.70 | 146.30 | OK | |
| r-devel-linux-x86_64-debian-gcc | 1.5-4-1.0.1 | 46.02 | 51.83 | 97.85 | OK | |
| r-devel-linux-x86_64-fedora-clang | 1.5-4-1.0.1 | 84.00 | 157.71 | 241.71 | OK | |
| r-devel-linux-x86_64-fedora-gcc | 1.5-4-1.0.1 | 100.00 | 137.64 | 237.64 | OK | |
| r-devel-windows-x86_64 | 1.5-4-1.0.1 | 81.00 | 127.00 | 208.00 | OK | |
| r-patched-linux-x86_64 | 1.5-4-1.0.1 | 72.16 | 68.57 | 140.73 | OK | |
| r-release-linux-x86_64 | 1.5-4-1.0.1 | 71.43 | 68.30 | 139.73 | OK | |
| r-release-macos-arm64 | 1.5-4-1.0.1 | 27.00 | 44.00 | 71.00 | OK | |
| r-release-macos-x86_64 | 1.5-4-1.0.1 | 64.00 | 182.00 | 246.00 | OK | |
| r-release-windows-x86_64 | 1.5-4-1.0.1 | 75.00 | 127.00 | 202.00 | OK | |
| r-oldrel-macos-arm64 | 1.5-4-1.0.1 | 25.00 | 46.00 | 71.00 | NOTE | |
| r-oldrel-macos-x86_64 | 1.5-4-1.0.1 | 62.00 | 161.00 | 223.00 | NOTE | |
| r-oldrel-windows-x86_64 | 1.5-4-1.0.1 | 96.00 | 149.00 | 245.00 | OK |
Version: 1.5-4-1.0.1
Check: installed package size
Result: NOTE
installed size is 5.4Mb
sub-directories of 1Mb or more:
libs 4.3Mb
Flavors: r-oldrel-macos-arm64, r-oldrel-macos-x86_64