CRAN Package Check Results for Package summariser

Last updated on 2025-11-02 13:49:55 CET.

Flavor Version Tinstall Tcheck Ttotal Status Flags
r-devel-linux-x86_64-debian-clang 2.3.0 1.54 21.35 22.89 OK
r-devel-linux-x86_64-debian-gcc 2.3.0 1.26 17.29 18.55 OK
r-devel-linux-x86_64-fedora-clang 2.3.0 33.58 OK
r-devel-linux-x86_64-fedora-gcc 2.3.0 32.41 OK
r-devel-windows-x86_64 2.3.0 3.00 40.00 43.00 OK
r-patched-linux-x86_64 2.3.0 1.54 20.22 21.76 OK
r-release-linux-x86_64 2.3.0 1.24 20.32 21.56 OK
r-release-macos-arm64 2.3.0 1.00 15.00 16.00 OK
r-release-macos-x86_64 2.3.0 1.00 22.00 23.00 OK
r-release-windows-x86_64 2.3.0 3.00 39.00 42.00 OK
r-oldrel-macos-arm64 2.3.0 1.00 14.00 15.00 NOTE
r-oldrel-macos-x86_64 2.3.0 1.00 21.00 22.00 NOTE
r-oldrel-windows-x86_64 2.3.0 5.00 45.00 50.00 NOTE

Check Details

Version: 2.3.0
Check: LazyData
Result: NOTE 'LazyData' is specified without a 'data' directory Flavors: r-oldrel-macos-arm64, r-oldrel-macos-x86_64, r-oldrel-windows-x86_64