CRAN Package Check Results for Package sur

Last updated on 2025-10-23 08:50:11 CEST.

Flavor Version Tinstall Tcheck Ttotal Status Flags
r-devel-linux-x86_64-debian-clang 1.0.4 2.14 24.27 26.41 OK
r-devel-linux-x86_64-debian-gcc 1.0.4 1.64 19.30 20.94 OK
r-devel-linux-x86_64-fedora-clang 1.0.4 40.28 NOTE
r-devel-linux-x86_64-fedora-gcc 1.0.4 36.64 NOTE
r-devel-windows-x86_64 1.0.4 4.00 48.00 52.00 OK
r-patched-linux-x86_64 1.0.4 2.34 22.37 24.71 OK
r-release-linux-x86_64 1.0.4 2.15 23.07 25.22 OK
r-release-macos-arm64 1.0.4 1.00 16.00 17.00 OK
r-release-macos-x86_64 1.0.4 2.00 24.00 26.00 OK
r-release-windows-x86_64 1.0.4 6.00 49.00 55.00 OK
r-oldrel-macos-arm64 1.0.4 1.00 17.00 18.00 OK
r-oldrel-macos-x86_64 1.0.4 2.00 21.00 23.00 OK
r-oldrel-windows-x86_64 1.0.4 6.00 54.00 60.00 OK

Check Details

Version: 1.0.4
Check: dependencies in R code
Result: NOTE Namespace in Imports field not imported from: ‘learnr’ All declared Imports should be used. Flavors: r-devel-linux-x86_64-fedora-clang, r-devel-linux-x86_64-fedora-gcc