Last updated on 2024-06-29 06:49:54 CEST.
Flavor | Version | Tinstall | Tcheck | Ttotal | Status | Flags |
---|---|---|---|---|---|---|
r-devel-linux-x86_64-debian-clang | 2.0.1 | 18.55 | 214.42 | 232.97 | NOTE | |
r-devel-linux-x86_64-debian-gcc | 2.0.1 | 14.47 | 153.02 | 167.49 | NOTE | |
r-devel-linux-x86_64-fedora-clang | 2.0.1 | 295.70 | NOTE | |||
r-devel-linux-x86_64-fedora-gcc | 2.0.1 | 279.25 | NOTE | |||
r-devel-windows-x86_64 | 2.0.1 | 17.00 | 152.00 | 169.00 | NOTE | |
r-patched-linux-x86_64 | 2.0.1 | 16.75 | 206.76 | 223.51 | NOTE | |
r-release-linux-x86_64 | 2.0.1 | 12.46 | 206.47 | 218.93 | NOTE | |
r-release-macos-arm64 | 2.0.1 | 70.00 | NOTE | |||
r-release-macos-x86_64 | 2.0.1 | 120.00 | NOTE | |||
r-release-windows-x86_64 | 2.0.1 | 17.00 | 154.00 | 171.00 | NOTE | |
r-oldrel-macos-arm64 | 2.0.1 | 99.00 | NOTE | |||
r-oldrel-macos-x86_64 | 2.0.1 | 152.00 | NOTE | |||
r-oldrel-windows-x86_64 | 2.0.1 | 22.00 | 203.00 | 225.00 | NOTE |
Version: 2.0.1
Check: package dependencies
Result: NOTE
Packages suggested but not available for checking:
'survHEinla', 'survHEhmc', 'INLA'
Flavors: r-devel-linux-x86_64-debian-clang, r-devel-linux-x86_64-debian-gcc, r-patched-linux-x86_64, r-release-linux-x86_64, r-release-macos-arm64, r-release-macos-x86_64, r-oldrel-macos-arm64, r-oldrel-windows-x86_64
Version: 2.0.1
Check: package dependencies
Result: NOTE
Packages suggested but not available for checking:
'survHEinla', 'survHEhmc'
Flavors: r-devel-linux-x86_64-fedora-clang, r-devel-linux-x86_64-fedora-gcc, r-devel-windows-x86_64, r-release-windows-x86_64
Version: 2.0.1
Check: package dependencies
Result: NOTE
Packages suggested but not available for checking:
'survHEinla', 'survHEhmc', 'INLA', 'rstan'
Flavor: r-oldrel-macos-x86_64