Last updated on 2025-10-22 05:51:29 CEST.
Flavor | Version | Tinstall | Tcheck | Ttotal | Status | Flags |
---|---|---|---|---|---|---|
r-devel-linux-x86_64-debian-clang | 3.4.3 | 2.44 | 22.58 | 25.02 | NOTE | |
r-devel-linux-x86_64-debian-gcc | 3.4.3 | 2.07 | 18.76 | 20.83 | NOTE | |
r-devel-linux-x86_64-fedora-clang | 3.4.3 | 38.52 | OK | |||
r-devel-linux-x86_64-fedora-gcc | 3.4.3 | 35.41 | OK | |||
r-devel-windows-x86_64 | 3.4.3 | 9.00 | 53.00 | 62.00 | OK | |
r-patched-linux-x86_64 | 3.4.3 | 2.15 | 21.49 | 23.64 | OK | |
r-release-linux-x86_64 | 3.4.3 | 2.18 | 21.50 | 23.68 | OK | |
r-release-macos-arm64 | 3.4.3 | 2.00 | 25.00 | 27.00 | OK | |
r-release-macos-x86_64 | 3.4.3 | 4.00 | 36.00 | 40.00 | OK | |
r-release-windows-x86_64 | 3.4.3 | 8.00 | 55.00 | 63.00 | OK | |
r-oldrel-macos-arm64 | 3.4.3 | 2.00 | 29.00 | 31.00 | OK | |
r-oldrel-macos-x86_64 | 3.4.3 | 14.00 | 45.00 | 59.00 | OK | |
r-oldrel-windows-x86_64 | 3.4.3 | 8.00 | 59.00 | 67.00 | NOTE |
Version: 3.4.3
Check: HTML version of manual
Result: NOTE
Found the following HTML validation problems:
deprecated.html:49:1 (deprecated.Rd:14): Warning: missing </ul> before </div>
Flavors: r-devel-linux-x86_64-debian-clang, r-devel-linux-x86_64-debian-gcc
Version: 3.4.3
Check: package dependencies
Result: NOTE
Package suggested but not available for checking: 'unix'
Flavor: r-oldrel-windows-x86_64